{"id":146,"date":"2022-04-22T01:32:33","date_gmt":"2022-04-22T01:32:33","guid":{"rendered":"http:\/\/uuee.ejercito.mil.uy\/rna\/\/?page_id=146"},"modified":"2022-09-07T09:19:28","modified_gmt":"2022-09-07T12:19:28","slug":"inscripcion-de-casas-comerciales","status":"publish","type":"page","link":"https:\/\/uuee.ejercito.mil.uy\/rna\/inscripcion-de-casas-comerciales\/","title":{"rendered":"Inscripci\u00f3n de Casas Comerciales"},"content":{"rendered":"\n<div class=\"wp-block-cover is-light\" style=\"min-height:300px;aspect-ratio:unset;\"><span aria-hidden=\"true\" class=\"wp-block-cover__background has-background-dim-100 has-background-dim has-background-gradient\" style=\"background:linear-gradient(135deg,rgb(0,51,31) 43%,rgb(0,28,15) 100%)\"><\/span><div class=\"wp-block-cover__inner-container is-layout-flow wp-block-cover-is-layout-flow\">\n<h2 id=\"wp-block-themeisle-blocks-advanced-heading-0dc41a61\" class=\"wp-block-themeisle-blocks-advanced-heading wp-block-themeisle-blocks-advanced-heading-0dc41a61\"><strong>Inscripci\u00f3n de Casas Comerciales<\/strong><\/h2>\n<\/div><\/div>\n\n\n\n<p><strong>Requisitos para inscripci\u00f3n de Casa Comerciales<\/strong><\/p>\n\n\n\n<p>Fotocopia de c\u00e9dula de identidad de los responsables.<\/p>\n\n\n\n<p>Fotocopia de certificado de inscripciones de B.P.S y D.G.I. (en caso de estar reci\u00e9n inscripta). Si es una empresa ya constituida, presentar la constancia de B.P.S. y D.G.I. al d\u00eda.<\/p>\n\n\n\n<p>Certificado antecedentes judiciales (expedido por el Ministerio del Interior).<\/p>\n\n\n\n<p>Certificaci\u00f3n de firmas por escribano p\u00fablico dando cumplimiento a la circular 007\/RNA-Y\/001 donde conste responsable\/s, rubro en el gira el comercio.<\/p>\n\n\n\n<p><strong>Requisitos para la venta o actividades relacionadas a armamento:<\/strong><\/p>\n\n\n\n<ul class=\"wp-block-list\"><li>Presentar T.H.A.T.A.<\/li><li>Reunir las medidas de seguridad acorde a la circular 004\/08\/987.<\/li><li>Presentar certificado de r\u00fabrica de libros expedido por la Jefatura de Polic\u00eda.<\/li><li>Carn\u00e9 de rematador en caso de inscripci\u00f3n por remate de armas.<\/li><\/ul>\n\n\n\n<div id=\"wp-block-themeisle-blocks-advanced-columns-5a6dadc9\" class=\"wp-block-themeisle-blocks-advanced-columns has-0-columns has-desktop-undefined-layout has-tablet-equal-layout has-mobile-equal-layout has-vertical-unset\"><div class=\"wp-block-themeisle-blocks-advanced-columns-overlay\"><\/div><div class=\"innerblocks-wrap\"><\/div><\/div>\n","protected":false},"excerpt":{"rendered":"<p>Requisitos para inscripci\u00f3n de Casa Comerciales Fotocopia de c\u00e9dula de identidad de los responsables. Fotocopia de certificado de inscripciones de B.P.S y D.G.I. (en caso de estar reci\u00e9n inscripta). Si es una empresa ya constituida, presentar la constancia de B.P.S. y D.G.I. al d\u00eda. Certificado antecedentes judiciales (expedido por el Ministerio del Interior). Certificaci\u00f3n de&hellip;&nbsp;<a href=\"https:\/\/uuee.ejercito.mil.uy\/rna\/inscripcion-de-casas-comerciales\/\" rel=\"bookmark\">Leer m\u00e1s &raquo;<span class=\"screen-reader-text\">Inscripci\u00f3n de Casas Comerciales<\/span><\/a><\/p>\n","protected":false},"author":1,"featured_media":0,"parent":0,"menu_order":0,"comment_status":"closed","ping_status":"closed","template":"","meta":{"neve_meta_sidebar":"","neve_meta_container":"full-width","neve_meta_enable_content_width":"on","neve_meta_content_width":99,"neve_meta_title_alignment":"","neve_meta_author_avatar":"","neve_post_elements_order":"","neve_meta_disable_header":"","neve_meta_disable_footer":"","neve_meta_disable_title":"on","_themeisle_gutenberg_block_has_review":false,"footnotes":""},"class_list":["post-146","page","type-page","status-publish","hentry"],"_links":{"self":[{"href":"https:\/\/uuee.ejercito.mil.uy\/rna\/wp-json\/wp\/v2\/pages\/146","targetHints":{"allow":["GET"]}}],"collection":[{"href":"https:\/\/uuee.ejercito.mil.uy\/rna\/wp-json\/wp\/v2\/pages"}],"about":[{"href":"https:\/\/uuee.ejercito.mil.uy\/rna\/wp-json\/wp\/v2\/types\/page"}],"author":[{"embeddable":true,"href":"https:\/\/uuee.ejercito.mil.uy\/rna\/wp-json\/wp\/v2\/users\/1"}],"replies":[{"embeddable":true,"href":"https:\/\/uuee.ejercito.mil.uy\/rna\/wp-json\/wp\/v2\/comments?post=146"}],"version-history":[{"count":7,"href":"https:\/\/uuee.ejercito.mil.uy\/rna\/wp-json\/wp\/v2\/pages\/146\/revisions"}],"predecessor-version":[{"id":427,"href":"https:\/\/uuee.ejercito.mil.uy\/rna\/wp-json\/wp\/v2\/pages\/146\/revisions\/427"}],"wp:attachment":[{"href":"https:\/\/uuee.ejercito.mil.uy\/rna\/wp-json\/wp\/v2\/media?parent=146"}],"curies":[{"name":"wp","href":"https:\/\/api.w.org\/{rel}","templated":true}]}}