{"id":120,"date":"2022-04-21T18:55:22","date_gmt":"2022-04-21T18:55:22","guid":{"rendered":"http:\/\/uuee.ejercito.mil.uy\/rna\/\/?page_id=120"},"modified":"2022-09-07T09:15:43","modified_gmt":"2022-09-07T12:15:43","slug":"departamento-de-recargadores","status":"publish","type":"page","link":"https:\/\/uuee.ejercito.mil.uy\/rna\/departamento-de-recargadores\/","title":{"rendered":"Departamento de Recargadores"},"content":{"rendered":"\n<div class=\"wp-block-cover is-light\" style=\"min-height:300px;aspect-ratio:unset;\"><span aria-hidden=\"true\" class=\"wp-block-cover__background has-background-dim-100 has-background-dim has-background-gradient\" style=\"background:linear-gradient(135deg,rgb(0,51,31) 43%,rgb(0,28,15) 100%)\"><\/span><div class=\"wp-block-cover__inner-container is-layout-flow wp-block-cover-is-layout-flow\">\n<h2 id=\"wp-block-themeisle-blocks-advanced-heading-0dc41a61\" class=\"wp-block-themeisle-blocks-advanced-heading wp-block-themeisle-blocks-advanced-heading-0dc41a61\"><strong>Departamento de Recargadores<\/strong><\/h2>\n<\/div><\/div>\n\n\n\n<div id=\"wp-block-themeisle-blocks-advanced-columns-e818817a\" class=\"wp-block-themeisle-blocks-advanced-columns has-1-columns has-desktop-equal-layout has-tablet-equal-layout has-mobile-equal-layout has-vertical-unset\"><div class=\"wp-block-themeisle-blocks-advanced-columns-overlay\"><\/div><div class=\"innerblocks-wrap\">\n<div id=\"wp-block-themeisle-blocks-advanced-column-1e2fa86a\" class=\"wp-block-themeisle-blocks-advanced-column\">\n<p><\/p>\n\n\n\n<p><strong>Requisitos:&nbsp;<\/strong><\/p>\n\n\n\n<ul class=\"wp-block-list\"><li>Fotocopia de c\u00e9dula de identidad.<\/li><li>Fotocopia de T\u00edtulo de Habilitaci\u00f3n para la Adquisici\u00f3n y Tenencia de Armas (civiles).<\/li><li>Constancia de domicilio.<\/li><li>Certificado de actividad laboral y\/o de ingresos que percibe.<\/li><li>2 (dos) fotos carn\u00e9.<\/li><li><strong>Costo: 2,5 U.R.&nbsp;<\/strong><\/li><li><strong>Costo del diploma del local de recarga o dep\u00f3sito 3 U.R.<\/strong><\/li><\/ul>\n\n\n\n<p><a href=\"https:\/\/mega.nz\/file\/GKg02Ira#XTECbYUgMF6mlyNa7vFxME5ksUKFqtwcR1yG4FuIEmU\"><strong>Formulario de licencia de recargador<\/strong><\/a><strong>.<\/strong><\/p>\n\n\n\n<p><a href=\"https:\/\/mega.nz\/file\/Te5SnKgK#jZsS6xUiBAXDen0sjn-wNMqhYFsDlikJZJZ4IY-lUaM\"><strong>Formulario de habilitaci\u00f3n de local de recarga o dep\u00f3sito<\/strong><\/a><strong>.<\/strong><a href=\"https:\/\/mega.nz\/file\/KaY2XTaL#Dg8xcfihFLSbY7olLRBy1h9GR70KunmCnu8QZg7M-V4\"><strong>Circular 255\/PROD-S\/20<\/strong><\/a><strong>.<\/strong><\/p>\n<\/div>\n<\/div><\/div>\n","protected":false},"excerpt":{"rendered":"","protected":false},"author":1,"featured_media":128,"parent":0,"menu_order":0,"comment_status":"closed","ping_status":"closed","template":"","meta":{"neve_meta_sidebar":"","neve_meta_container":"full-width","neve_meta_enable_content_width":"on","neve_meta_content_width":99,"neve_meta_title_alignment":"","neve_meta_author_avatar":"","neve_post_elements_order":"","neve_meta_disable_header":"","neve_meta_disable_footer":"","neve_meta_disable_title":"on","_themeisle_gutenberg_block_has_review":false,"footnotes":""},"class_list":["post-120","page","type-page","status-publish","has-post-thumbnail","hentry"],"_links":{"self":[{"href":"https:\/\/uuee.ejercito.mil.uy\/rna\/wp-json\/wp\/v2\/pages\/120","targetHints":{"allow":["GET"]}}],"collection":[{"href":"https:\/\/uuee.ejercito.mil.uy\/rna\/wp-json\/wp\/v2\/pages"}],"about":[{"href":"https:\/\/uuee.ejercito.mil.uy\/rna\/wp-json\/wp\/v2\/types\/page"}],"author":[{"embeddable":true,"href":"https:\/\/uuee.ejercito.mil.uy\/rna\/wp-json\/wp\/v2\/users\/1"}],"replies":[{"embeddable":true,"href":"https:\/\/uuee.ejercito.mil.uy\/rna\/wp-json\/wp\/v2\/comments?post=120"}],"version-history":[{"count":11,"href":"https:\/\/uuee.ejercito.mil.uy\/rna\/wp-json\/wp\/v2\/pages\/120\/revisions"}],"predecessor-version":[{"id":420,"href":"https:\/\/uuee.ejercito.mil.uy\/rna\/wp-json\/wp\/v2\/pages\/120\/revisions\/420"}],"wp:featuredmedia":[{"embeddable":true,"href":"https:\/\/uuee.ejercito.mil.uy\/rna\/wp-json\/wp\/v2\/media\/128"}],"wp:attachment":[{"href":"https:\/\/uuee.ejercito.mil.uy\/rna\/wp-json\/wp\/v2\/media?parent=120"}],"curies":[{"name":"wp","href":"https:\/\/api.w.org\/{rel}","templated":true}]}}