{"id":116,"date":"2022-04-21T18:52:45","date_gmt":"2022-04-21T18:52:45","guid":{"rendered":"http:\/\/uuee.ejercito.mil.uy\/rna\/\/?page_id=116"},"modified":"2022-09-07T09:21:41","modified_gmt":"2022-09-07T12:21:41","slug":"resena","status":"publish","type":"page","link":"https:\/\/uuee.ejercito.mil.uy\/rna\/resena\/","title":{"rendered":"RESE\u00d1A"},"content":{"rendered":"\n<div class=\"wp-block-cover is-light\" style=\"min-height:300px;aspect-ratio:unset;\"><span aria-hidden=\"true\" class=\"wp-block-cover__background has-background-dim-100 has-background-dim has-background-gradient\" style=\"background:linear-gradient(135deg,rgb(0,51,31) 43%,rgb(0,28,15) 100%)\"><\/span><div class=\"wp-block-cover__inner-container is-layout-flow wp-block-cover-is-layout-flow\">\n<h2 id=\"wp-block-themeisle-blocks-advanced-heading-0dc41a61\" class=\"wp-block-themeisle-blocks-advanced-heading wp-block-themeisle-blocks-advanced-heading-0dc41a61\"><strong>Rese\u00f1a<\/strong><\/h2>\n<\/div><\/div>\n\n\n\n<div style=\"height:50px\" aria-hidden=\"true\" class=\"wp-block-spacer\"><\/div>\n\n\n\n<div id=\"wp-block-themeisle-blocks-advanced-columns-c532a817\" class=\"wp-block-themeisle-blocks-advanced-columns has-1-columns has-desktop-equal-layout has-tablet-equal-layout has-mobile-equal-layout has-vertical-unset\"><div class=\"wp-block-themeisle-blocks-advanced-columns-overlay\"><\/div><div class=\"innerblocks-wrap\">\n<div id=\"wp-block-themeisle-blocks-advanced-column-0e40d2de\" class=\"wp-block-themeisle-blocks-advanced-column\">\n<p><strong><em>El Servicio de Material y Armamento remonta sus inicios seg\u00fan consta en las Cartas de Artigas al Gobierno de las Provincias Unidas al a\u00f1o 1811 donde se expresa la necesidad de que se \u00abatienda el Estado del Parque de Artiller\u00eda\u00bb.<\/em><\/strong><\/p>\n\n\n\n<p><strong><em>Sin embargo, reci\u00e9n en la ley de Presupuesto General de gastos N\u00b0 109 de 1835-1836 se encuentra el apelativo de \u00abParque de Artiller\u00eda\u00bb, cambiando su denominaci\u00f3n en el a\u00f1o 1880 en que por ley N\u00b0 1456 pasa a denominarse \u00abParque Nacional\u00bb con sede en el antiguo \u00abCuartel de Morales\u00bb.<\/em><\/strong><\/p>\n\n\n\n<p><strong><em>Consecutivamente, el 10 de mayo de 1910 por Orden General N\u00b0 692, se designa con el nombre de \u00abArsenal de Guerra\u00bb dependiente del Estado Mayor del Ej\u00e9rcito.<\/em><\/strong><\/p>\n\n\n\n<p><strong><em>Posteriormente la ley Org\u00e1nica Militar N\u00b0 10.050 del 18 de setiembre de 1941, establece la nueva denominaci\u00f3n como \u00abServicio de Material y Armamento\u00bb y en su art\u00edculo N\u00b0 135 instaura sus cometidos y su organizaci\u00f3n mencionado por primera vez a la actual Registro Nacional de Armas en particular como integrante de la \u00abDivisi\u00f3n Contralor General\u00bb, secci\u00f3n \u00abControl de Producci\u00f3n Civil (gu\u00edas de armas)\u00bb con sede en Avenida 8 de Octubre 2540 siendo recien en setiembre de 1975 su traslado a la actual sede de Avenida de las Instrucciones 1925.<\/em><\/strong><\/p>\n\n\n\n<p><strong><em>El 28 de abril de 1998 por Decreto N\u00b0 114\/998 se aprueba el Reglamento de Organizaci\u00f3n y Funciones estableciendo a la Divisi\u00f3n Registro Nacional de Armas con tres departamentos en secuencia: Departamento Registro Nacional de Armas, Departamento Control Civil de Importaciones y Departamento de Inspecciones.&nbsp;&nbsp;&nbsp;<\/em><\/strong><\/p>\n\n\n\n<p><strong><em>En Uruguay, la Divisi\u00f3n Registro Nacional de Armas es el \u00f3rgano responsable por el registro y contralor de las armas de fuego, municiones y materiales relacionados&nbsp; incluyendo las importaciones, exportaciones, comercializaci\u00f3n, fabricaci\u00f3n y posesi\u00f3n de los materiales controlados siendo pionero en la regi\u00f3n&nbsp; en el Registro de forma obligatoria, sostenida, centralizada y sistem\u00e1tica de las armas de fuego contando al d\u00eda de la fecha con m\u00e1s de 800.000 registros que se&nbsp; han realizado desde su creaci\u00f3n teniendo como testigo impreso las primeras gu\u00edas que datan del a\u00f1o 1944.<\/em><\/strong><\/p>\n\n\n\n<p><strong><em>En el Organismo asesor de los Poderes del Estado interactuando en estrecha coordinaci\u00f3n con los dem\u00e1s organismos estatales, participando y organizando en varias oportunidades de foros internacionales de la materia como GTAM (Grupo de Trabajo de Armas de Armas de fuego y Municiones del Mercosur), UNLIREC (Centro Regional de las Naciones Unidas para la Paz, Desarme y Desarrollo en Am\u00e9rica Latina y el Caribe), UNDOC (Oficinas de las Naciones Unidas Contra la Droga y el Delito), CIFTA (Convenci\u00f3n Interamericana Contra la Fabricaci\u00f3n y el Tr\u00e1fico Il\u00edcito de Armas de Fuego y Municiones, Explosivos y otros materiales relacionados).<\/em><\/strong><\/p>\n\n\n\n<p><strong><em>Sus actividades se encuentran enmarcadas dentro de la vasta normativa vigente adecu\u00e1ndose en todas las oportunidades a los constantes cambios del marco jur\u00eddico.<\/em><\/strong><\/p>\n\n\n\n<p><strong><em>Es el responsable adem\u00e1s de la fiscalizaci\u00f3n de m\u00e1s de 2.500 coleccionistas en todo el pa\u00eds, el estricto control y registro de casas comerciales, armer\u00edas y recargadores de munici\u00f3n.&nbsp;&nbsp;<\/em><\/strong><\/p>\n\n\n\n<p><strong><em>Para ello y acorde Directiva expresa del Comando General del Ej\u00e9rcito se determina la designaci\u00f3n de Se\u00f1ores Oficiales, Delegados en las distintas Unidades del interior del pa\u00eds habilit\u00e1ndose en todo momento el canal t\u00e9cnico para cualquier requerimiento sobre Registros de armas.<\/em><\/strong><\/p>\n\n\n\n<p><strong><em>Asimismo, esta dependencia cuenta con la actuaci\u00f3n de Registro Nacional de Armas M\u00f3vil, brind\u00e1ndole la oportunidad del ciudadano del interior del pa\u00eds el acceso a su \u00abGu\u00edas de armas\u00bb incentivando a la creaci\u00f3n de una conciencia de tenencia responsable.<\/em><\/strong><\/p>\n\n\n\n<p><strong><em>Hoy en d\u00eda la Divisi\u00f3n Registro Nacional de Armas cuenta con un Oficial Superior, Jefe, Oficiales Subalternos, Sub Oficiales, Clases y Soldados para el cumplimiento de la misi\u00f3n asignada.<\/em><\/strong><\/p>\n<\/div>\n<\/div><\/div>\n","protected":false},"excerpt":{"rendered":"","protected":false},"author":1,"featured_media":0,"parent":0,"menu_order":0,"comment_status":"closed","ping_status":"closed","template":"","meta":{"neve_meta_sidebar":"","neve_meta_container":"full-width","neve_meta_enable_content_width":"on","neve_meta_content_width":99,"neve_meta_title_alignment":"","neve_meta_author_avatar":"","neve_post_elements_order":"","neve_meta_disable_header":"","neve_meta_disable_footer":"","neve_meta_disable_title":"on","_themeisle_gutenberg_block_has_review":false,"footnotes":""},"class_list":["post-116","page","type-page","status-publish","hentry"],"_links":{"self":[{"href":"https:\/\/uuee.ejercito.mil.uy\/rna\/wp-json\/wp\/v2\/pages\/116","targetHints":{"allow":["GET"]}}],"collection":[{"href":"https:\/\/uuee.ejercito.mil.uy\/rna\/wp-json\/wp\/v2\/pages"}],"about":[{"href":"https:\/\/uuee.ejercito.mil.uy\/rna\/wp-json\/wp\/v2\/types\/page"}],"author":[{"embeddable":true,"href":"https:\/\/uuee.ejercito.mil.uy\/rna\/wp-json\/wp\/v2\/users\/1"}],"replies":[{"embeddable":true,"href":"https:\/\/uuee.ejercito.mil.uy\/rna\/wp-json\/wp\/v2\/comments?post=116"}],"version-history":[{"count":7,"href":"https:\/\/uuee.ejercito.mil.uy\/rna\/wp-json\/wp\/v2\/pages\/116\/revisions"}],"predecessor-version":[{"id":430,"href":"https:\/\/uuee.ejercito.mil.uy\/rna\/wp-json\/wp\/v2\/pages\/116\/revisions\/430"}],"wp:attachment":[{"href":"https:\/\/uuee.ejercito.mil.uy\/rna\/wp-json\/wp\/v2\/media?parent=116"}],"curies":[{"name":"wp","href":"https:\/\/api.w.org\/{rel}","templated":true}]}}

RESEÑA

<div class="wp-block-cover is-light" style="min-height:300px;aspect-ratio:unset;"><span aria-hidden="true" class="wp-block-cover__background has-background-dim-100 has-background-dim has-background-gradient" style="background:linear-gradient(135deg,rgb(0,51,31) 43%,rgb(0,28,15) 100%)"></span><div class="wp-block-cover__inner-container is-layout-flow wp-block-cover-is-layout-flow">
<h2 id="wp-block-themeisle-blocks-advanced-heading-0dc41a61" class="wp-block-themeisle-blocks-advanced-heading wp-block-themeisle-blocks-advanced-heading-0dc41a61"><strong>Reseña</strong></h2>
</div></div>



<div style="height:50px" aria-hidden="true" class="wp-block-spacer"></div>



<div id="wp-block-themeisle-blocks-advanced-columns-c532a817" class="wp-block-themeisle-blocks-advanced-columns has-1-columns has-desktop-equal-layout has-tablet-equal-layout has-mobile-equal-layout has-vertical-unset"><div class="wp-block-themeisle-blocks-advanced-columns-overlay"></div><div class="innerblocks-wrap">
<div id="wp-block-themeisle-blocks-advanced-column-0e40d2de" class="wp-block-themeisle-blocks-advanced-column">
<p><strong><em>El Servicio de Material y Armamento remonta sus inicios según consta en las Cartas de Artigas al Gobierno de las Provincias Unidas al año 1811 donde se expresa la necesidad de que se «atienda el Estado del Parque de Artillería».</em></strong></p>



<p><strong><em>Sin embargo, recién en la ley de Presupuesto General de gastos N° 109 de 1835-1836 se encuentra el apelativo de «Parque de Artillería», cambiando su denominación en el año 1880 en que por ley N° 1456 pasa a denominarse «Parque Nacional» con sede en el antiguo «Cuartel de Morales».</em></strong></p>



<p><strong><em>Consecutivamente, el 10 de mayo de 1910 por Orden General N° 692, se designa con el nombre de «Arsenal de Guerra» dependiente del Estado Mayor del Ejército.</em></strong></p>



<p><strong><em>Posteriormente la ley Orgánica Militar N° 10.050 del 18 de setiembre de 1941, establece la nueva denominación como «Servicio de Material y Armamento» y en su artículo N° 135 instaura sus cometidos y su organización mencionado por primera vez a la actual Registro Nacional de Armas en particular como integrante de la «División Contralor General», sección «Control de Producción Civil (guías de armas)» con sede en Avenida 8 de Octubre 2540 siendo recien en setiembre de 1975 su traslado a la actual sede de Avenida de las Instrucciones 1925.</em></strong></p>



<p><strong><em>El 28 de abril de 1998 por Decreto N° 114/998 se aprueba el Reglamento de Organización y Funciones estableciendo a la División Registro Nacional de Armas con tres departamentos en secuencia: Departamento Registro Nacional de Armas, Departamento Control Civil de Importaciones y Departamento de Inspecciones.&nbsp;&nbsp;&nbsp;</em></strong></p>



<p><strong><em>En Uruguay, la División Registro Nacional de Armas es el órgano responsable por el registro y contralor de las armas de fuego, municiones y materiales relacionados&nbsp; incluyendo las importaciones, exportaciones, comercialización, fabricación y posesión de los materiales controlados siendo pionero en la región&nbsp; en el Registro de forma obligatoria, sostenida, centralizada y sistemática de las armas de fuego contando al día de la fecha con más de 800.000 registros que se&nbsp; han realizado desde su creación teniendo como testigo impreso las primeras guías que datan del año 1944.</em></strong></p>



<p><strong><em>En el Organismo asesor de los Poderes del Estado interactuando en estrecha coordinación con los demás organismos estatales, participando y organizando en varias oportunidades de foros internacionales de la materia como GTAM (Grupo de Trabajo de Armas de Armas de fuego y Municiones del Mercosur), UNLIREC (Centro Regional de las Naciones Unidas para la Paz, Desarme y Desarrollo en América Latina y el Caribe), UNDOC (Oficinas de las Naciones Unidas Contra la Droga y el Delito), CIFTA (Convención Interamericana Contra la Fabricación y el Tráfico Ilícito de Armas de Fuego y Municiones, Explosivos y otros materiales relacionados).</em></strong></p>



<p><strong><em>Sus actividades se encuentran enmarcadas dentro de la vasta normativa vigente adecuándose en todas las oportunidades a los constantes cambios del marco jurídico.</em></strong></p>



<p><strong><em>Es el responsable además de la fiscalización de más de 2.500 coleccionistas en todo el país, el estricto control y registro de casas comerciales, armerías y recargadores de munición.&nbsp;&nbsp;</em></strong></p>



<p><strong><em>Para ello y acorde Directiva expresa del Comando General del Ejército se determina la designación de Señores Oficiales, Delegados en las distintas Unidades del interior del país habilitándose en todo momento el canal técnico para cualquier requerimiento sobre Registros de armas.</em></strong></p>



<p><strong><em>Asimismo, esta dependencia cuenta con la actuación de Registro Nacional de Armas Móvil, brindándole la oportunidad del ciudadano del interior del país el acceso a su «Guías de armas» incentivando a la creación de una conciencia de tenencia responsable.</em></strong></p>



<p><strong><em>Hoy en día la División Registro Nacional de Armas cuenta con un Oficial Superior, Jefe, Oficiales Subalternos, Sub Oficiales, Clases y Soldados para el cumplimiento de la misión asignada.</em></strong></p>
</div>
</div></div>
