{"id":64,"date":"2026-04-21T13:44:43","date_gmt":"2026-04-21T16:44:43","guid":{"rendered":"https:\/\/uuee.ejercito.mil.uy\/rc1\/?page_id=64"},"modified":"2026-04-21T13:44:43","modified_gmt":"2026-04-21T16:44:43","slug":"actividades","status":"publish","type":"page","link":"https:\/\/uuee.ejercito.mil.uy\/rc1\/actividades\/","title":{"rendered":"Actividades"},"content":{"rendered":"\n<h2 class=\"wp-block-heading\">Publicaciones destacadas<\/h2>\n\n\n\n<p>Selecci\u00f3n de actividades del museo y del Regimiento acompa\u00f1adas por la descripci\u00f3n de sus publicaciones.<\/p>\n\n\n\n<div class=\"wp-block-columns is-layout-flex wp-container-core-columns-is-layout-9d6595d7 wp-block-columns-is-layout-flex\">\n<div class=\"wp-block-column is-layout-flow wp-block-column-is-layout-flow\">\n<div class=\"wp-block-group is-vertical is-layout-flex wp-container-core-group-is-layout-8cf370e7 wp-block-group-is-layout-flex\">\n<div class=\"wp-block-group has-border-color has-nv-light-bg-background-color has-background wp-container-content-9ecdb5e9\" style=\"border-color:var(--nv-text-color);border-width:1px;border-top-left-radius:20px;border-top-right-radius:20px;border-bottom-left-radius:20px;border-bottom-right-radius:20px;padding-top:var(--wp--preset--spacing--50);padding-right:var(--wp--preset--spacing--50);padding-bottom:var(--wp--preset--spacing--50);padding-left:var(--wp--preset--spacing--50)\"><div class=\"wp-block-group__inner-container is-layout-constrained wp-container-core-group-is-layout-1c1b4f74 wp-block-group-is-layout-constrained\">\n<h3 class=\"wp-block-heading\">Visita del Colegio M.T.A. de Nueva Helvecia<\/h3>\n\n\n\n<p class=\"has-neve-link-hover-color-color has-text-color has-link-color wp-elements-5893d97cc4bd1a270fae989b433d1c9b\">Hoy recibimos la visita del Colegio M.T.A de Nueva Helvecia, departamento de Colonia. Compartimos parte de la historia del Blandengues, de nuestro m\u00e1ximo h\u00e9roe el Gral. Jos\u00e9 Artigas, del nacimiento del Ej\u00e9rcito Nacional y en particular de nuestra Patria. Muchas gracias por su visita.<\/p>\n<\/div><\/div>\n\n\n\n<div class=\"wp-block-group has-border-color has-nv-light-bg-background-color has-background wp-container-content-9ecdb5e9\" style=\"border-color:var(--nv-text-color);border-width:1px;border-top-left-radius:22px;border-top-right-radius:22px;border-bottom-left-radius:22px;border-bottom-right-radius:22px;padding-top:var(--wp--preset--spacing--50);padding-right:var(--wp--preset--spacing--50);padding-bottom:var(--wp--preset--spacing--50);padding-left:var(--wp--preset--spacing--50)\"><div class=\"wp-block-group__inner-container is-layout-constrained wp-container-core-group-is-layout-1c1b4f74 wp-block-group-is-layout-constrained\">\n<h3 class=\"wp-block-heading\">Escuela N.\u00ba 21 del Departamento de Maldonado<\/h3>\n\n\n\n<p class=\"has-neve-link-hover-color-color has-text-color has-link-color wp-elements-e8fcc9684fbaf434e27c518a31e803fd\">En la ma\u00f1ana de hoy, un revuelo de mo\u00f1as azules y t\u00fanicas blancas nos habla de la presencia de la escuela N.\u00ba 21 del Departamento de Maldonado. Visitan el Museo Blandengues de Artigas donde apreciar\u00e1n los valores de la Patria y afirmar\u00e1n sus conocimientos sobre la vida del Gral. Artigas y su trayectoria heroica.<\/p>\n<\/div><\/div>\n<\/div>\n<\/div>\n\n\n\n<div class=\"wp-block-column is-layout-flow wp-block-column-is-layout-flow\">\n<div class=\"wp-block-group is-vertical is-layout-flex wp-container-core-group-is-layout-8cf370e7 wp-block-group-is-layout-flex\">\n<div class=\"wp-block-group has-border-color has-nv-light-bg-background-color has-background wp-container-content-9ecdb5e9\" style=\"border-color:var(--nv-text-color);border-width:1px;border-top-left-radius:20px;border-top-right-radius:20px;border-bottom-left-radius:20px;border-bottom-right-radius:20px;padding-top:var(--wp--preset--spacing--50);padding-right:var(--wp--preset--spacing--50);padding-bottom:var(--wp--preset--spacing--50);padding-left:var(--wp--preset--spacing--50)\"><div class=\"wp-block-group__inner-container is-layout-constrained wp-container-core-group-is-layout-1c1b4f74 wp-block-group-is-layout-constrained\">\n<h3 class=\"wp-block-heading\">Escuela N.\u00ba 129 en el museo<\/h3>\n\n\n\n<p class=\"has-neve-link-hover-color-color has-text-color has-link-color wp-elements-5743b47e6e324a57c0935aea05e80738\">En la ma\u00f1ana de hoy, un revuelo de mo\u00f1as azules y t\u00fanicas blancas nos habla de la presencia de la escuela N.\u00ba 129. Visitan el Museo Blandengues de Artigas donde apreciar\u00e1n los valores de la Patria y afirmar\u00e1n sus conocimientos sobre la vida del Gral. Artigas y su trayectoria heroica.<\/p>\n<\/div><\/div>\n\n\n\n<div class=\"wp-block-group has-border-color has-nv-light-bg-background-color has-background wp-container-content-9ecdb5e9\" style=\"border-color:var(--nv-text-color);border-width:1px;border-top-left-radius:20px;border-top-right-radius:20px;border-bottom-left-radius:20px;border-bottom-right-radius:20px;padding-top:var(--wp--preset--spacing--50);padding-right:var(--wp--preset--spacing--50);padding-bottom:var(--wp--preset--spacing--50);padding-left:var(--wp--preset--spacing--50)\"><div class=\"wp-block-group__inner-container is-layout-constrained wp-container-core-group-is-layout-1c1b4f74 wp-block-group-is-layout-constrained\">\n<h3 class=\"wp-block-heading\">Relevo de Guardia en el Mausoleo<\/h3>\n\n\n\n<p class=\"has-neve-link-hover-color-color has-text-color has-link-color wp-elements-c154390c136bdbb48bf572e90e6fec54\">Relevo de la Guardia de los Blandengues de Artigas que tienen el gran honor de custodiar los restos de nuestro m\u00e1ximo Pr\u00f3cer. Orgullosos de nuestra historia, somos los custodios de sus valores.<\/p>\n<\/div><\/div>\n<\/div>\n<\/div>\n<\/div>\n\n\n\n<p><\/p>\n","protected":false},"excerpt":{"rendered":"<p>Publicaciones destacadas Selecci\u00f3n de actividades del museo y del Regimiento acompa\u00f1adas por la descripci\u00f3n de sus publicaciones. Visita del Colegio M.T.A. de Nueva Helvecia Hoy recibimos la visita del Colegio M.T.A de Nueva Helvecia, departamento de Colonia. Compartimos parte de la historia del Blandengues, de nuestro m\u00e1ximo h\u00e9roe el Gral. Jos\u00e9 Artigas, del nacimiento del&hellip;&nbsp;<a href=\"https:\/\/uuee.ejercito.mil.uy\/rc1\/actividades\/\" rel=\"bookmark\"><span class=\"screen-reader-text\">Actividades<\/span><\/a><\/p>\n","protected":false},"author":12,"featured_media":0,"parent":0,"menu_order":0,"comment_status":"closed","ping_status":"closed","template":"","meta":{"neve_meta_sidebar":"","neve_meta_container":"","neve_meta_enable_content_width":"","neve_meta_content_width":0,"neve_meta_title_alignment":"","neve_meta_author_avatar":"","neve_post_elements_order":"","neve_meta_disable_header":"","neve_meta_disable_footer":"","neve_meta_disable_title":"on","footnotes":""},"class_list":["post-64","page","type-page","status-publish","hentry"],"_links":{"self":[{"href":"https:\/\/uuee.ejercito.mil.uy\/rc1\/wp-json\/wp\/v2\/pages\/64","targetHints":{"allow":["GET"]}}],"collection":[{"href":"https:\/\/uuee.ejercito.mil.uy\/rc1\/wp-json\/wp\/v2\/pages"}],"about":[{"href":"https:\/\/uuee.ejercito.mil.uy\/rc1\/wp-json\/wp\/v2\/types\/page"}],"author":[{"embeddable":true,"href":"https:\/\/uuee.ejercito.mil.uy\/rc1\/wp-json\/wp\/v2\/users\/12"}],"replies":[{"embeddable":true,"href":"https:\/\/uuee.ejercito.mil.uy\/rc1\/wp-json\/wp\/v2\/comments?post=64"}],"version-history":[{"count":16,"href":"https:\/\/uuee.ejercito.mil.uy\/rc1\/wp-json\/wp\/v2\/pages\/64\/revisions"}],"predecessor-version":[{"id":80,"href":"https:\/\/uuee.ejercito.mil.uy\/rc1\/wp-json\/wp\/v2\/pages\/64\/revisions\/80"}],"wp:attachment":[{"href":"https:\/\/uuee.ejercito.mil.uy\/rc1\/wp-json\/wp\/v2\/media?parent=64"}],"curies":[{"name":"wp","href":"https:\/\/api.w.org\/{rel}","templated":true}]}}

<h2 class="wp-block-heading">Publicaciones destacadas</h2>



<p>Selección de actividades del museo y del Regimiento acompañadas por la descripción de sus publicaciones.</p>



<div class="wp-block-columns is-layout-flex wp-container-core-columns-is-layout-9d6595d7 wp-block-columns-is-layout-flex">
<div class="wp-block-column is-layout-flow wp-block-column-is-layout-flow">
<div class="wp-block-group is-vertical is-layout-flex wp-container-core-group-is-layout-8cf370e7 wp-block-group-is-layout-flex">
<div class="wp-block-group has-border-color has-nv-light-bg-background-color has-background wp-container-content-9ecdb5e9" style="border-color:var(--nv-text-color);border-width:1px;border-top-left-radius:20px;border-top-right-radius:20px;border-bottom-left-radius:20px;border-bottom-right-radius:20px;padding-top:var(--wp--preset--spacing--50);padding-right:var(--wp--preset--spacing--50);padding-bottom:var(--wp--preset--spacing--50);padding-left:var(--wp--preset--spacing--50)"><div class="wp-block-group__inner-container is-layout-constrained wp-container-core-group-is-layout-1c1b4f74 wp-block-group-is-layout-constrained">
<h3 class="wp-block-heading">Visita del Colegio M.T.A. de Nueva Helvecia</h3>



<p class="has-neve-link-hover-color-color has-text-color has-link-color wp-elements-5893d97cc4bd1a270fae989b433d1c9b">Hoy recibimos la visita del Colegio M.T.A de Nueva Helvecia, departamento de Colonia. Compartimos parte de la historia del Blandengues, de nuestro máximo héroe el Gral. José Artigas, del nacimiento del Ejército Nacional y en particular de nuestra Patria. Muchas gracias por su visita.</p>
</div></div>



<div class="wp-block-group has-border-color has-nv-light-bg-background-color has-background wp-container-content-9ecdb5e9" style="border-color:var(--nv-text-color);border-width:1px;border-top-left-radius:22px;border-top-right-radius:22px;border-bottom-left-radius:22px;border-bottom-right-radius:22px;padding-top:var(--wp--preset--spacing--50);padding-right:var(--wp--preset--spacing--50);padding-bottom:var(--wp--preset--spacing--50);padding-left:var(--wp--preset--spacing--50)"><div class="wp-block-group__inner-container is-layout-constrained wp-container-core-group-is-layout-1c1b4f74 wp-block-group-is-layout-constrained">
<h3 class="wp-block-heading">Escuela N.º 21 del Departamento de Maldonado</h3>



<p class="has-neve-link-hover-color-color has-text-color has-link-color wp-elements-e8fcc9684fbaf434e27c518a31e803fd">En la mañana de hoy, un revuelo de moñas azules y túnicas blancas nos habla de la presencia de la escuela N.º 21 del Departamento de Maldonado. Visitan el Museo Blandengues de Artigas donde apreciarán los valores de la Patria y afirmarán sus conocimientos sobre la vida del Gral. Artigas y su trayectoria heroica.</p>
</div></div>
</div>
</div>



<div class="wp-block-column is-layout-flow wp-block-column-is-layout-flow">
<div class="wp-block-group is-vertical is-layout-flex wp-container-core-group-is-layout-8cf370e7 wp-block-group-is-layout-flex">
<div class="wp-block-group has-border-color has-nv-light-bg-background-color has-background wp-container-content-9ecdb5e9" style="border-color:var(--nv-text-color);border-width:1px;border-top-left-radius:20px;border-top-right-radius:20px;border-bottom-left-radius:20px;border-bottom-right-radius:20px;padding-top:var(--wp--preset--spacing--50);padding-right:var(--wp--preset--spacing--50);padding-bottom:var(--wp--preset--spacing--50);padding-left:var(--wp--preset--spacing--50)"><div class="wp-block-group__inner-container is-layout-constrained wp-container-core-group-is-layout-1c1b4f74 wp-block-group-is-layout-constrained">
<h3 class="wp-block-heading">Escuela N.º 129 en el museo</h3>



<p class="has-neve-link-hover-color-color has-text-color has-link-color wp-elements-5743b47e6e324a57c0935aea05e80738">En la mañana de hoy, un revuelo de moñas azules y túnicas blancas nos habla de la presencia de la escuela N.º 129. Visitan el Museo Blandengues de Artigas donde apreciarán los valores de la Patria y afirmarán sus conocimientos sobre la vida del Gral. Artigas y su trayectoria heroica.</p>
</div></div>



<div class="wp-block-group has-border-color has-nv-light-bg-background-color has-background wp-container-content-9ecdb5e9" style="border-color:var(--nv-text-color);border-width:1px;border-top-left-radius:20px;border-top-right-radius:20px;border-bottom-left-radius:20px;border-bottom-right-radius:20px;padding-top:var(--wp--preset--spacing--50);padding-right:var(--wp--preset--spacing--50);padding-bottom:var(--wp--preset--spacing--50);padding-left:var(--wp--preset--spacing--50)"><div class="wp-block-group__inner-container is-layout-constrained wp-container-core-group-is-layout-1c1b4f74 wp-block-group-is-layout-constrained">
<h3 class="wp-block-heading">Relevo de Guardia en el Mausoleo</h3>



<p class="has-neve-link-hover-color-color has-text-color has-link-color wp-elements-c154390c136bdbb48bf572e90e6fec54">Relevo de la Guardia de los Blandengues de Artigas que tienen el gran honor de custodiar los restos de nuestro máximo Prócer. Orgullosos de nuestra historia, somos los custodios de sus valores.</p>
</div></div>
</div>
</div>
</div>



<p></p>

<p>Publicaciones destacadas Selección de actividades del museo y del Regimiento acompañadas por la descripción de sus publicaciones. Visita del Colegio M.T.A. de Nueva Helvecia Hoy recibimos la visita del Colegio M.T.A de Nueva Helvecia, departamento de Colonia. Compartimos parte de la historia del Blandengues, de nuestro máximo héroe el Gral. José Artigas, del nacimiento del&hellip;&nbsp;<a href="https://uuee.ejercito.mil.uy/rc1/actividades/" rel="bookmark"><span class="screen-reader-text">Actividades</span></a></p>
