{"id":995,"date":"2022-07-06T12:52:17","date_gmt":"2022-07-06T12:52:17","guid":{"rendered":"http:\/\/uuee.ejercito.mil.uy\/eehh\/?page_id=995"},"modified":"2025-10-17T13:04:54","modified_gmt":"2025-10-17T13:04:54","slug":"museo-militar-18-de-mayo-de-1811","status":"publish","type":"page","link":"https:\/\/uuee.ejercito.mil.uy\/eehh\/museo-militar-18-de-mayo-de-1811\/","title":{"rendered":"Museo Militar \u00bb18 de Mayo de 1811\u00bb"},"content":{"rendered":"\n<div id=\"wp-block-themeisle-blocks-advanced-columns-3e3d1c18\" class=\"wp-block-themeisle-blocks-advanced-columns alignfull has-1-columns has-desktop-equal-layout has-tablet-equal-layout has-mobile-equal-layout has-vertical-center\"><div class=\"wp-block-themeisle-blocks-advanced-columns-overlay\"><\/div><div class=\"innerblocks-wrap\">\n<div id=\"wp-block-themeisle-blocks-advanced-column-0621e375\" class=\"wp-block-themeisle-blocks-advanced-column\">\n<h1 id=\"wp-block-themeisle-blocks-advanced-heading-7c02fcd2\" class=\"wp-block-themeisle-blocks-advanced-heading wp-block-themeisle-blocks-advanced-heading-7c02fcd2\">Museo Militar <br><strong><strong><strong>\u201c<\/strong><\/strong>18 de Mayo de 1811\u201d<\/strong><\/h1>\n\n\n<div class=\"wp-block-image is-style-default\">\n<figure class=\"aligncenter size-full is-resized\"><img loading=\"lazy\" decoding=\"async\" width=\"2073\" height=\"2592\" src=\"http:\/\/uuee.ejercito.mil.uy\/eehh\/wp-content\/uploads\/sites\/6\/2024\/03\/Heraldica-Estudios-Historicos-2024_001.png\" alt=\"\" class=\"wp-image-1143\" style=\"width:237px;height:auto\" srcset=\"https:\/\/uuee.ejercito.mil.uy\/eehh\/wp-content\/uploads\/sites\/6\/2024\/03\/Heraldica-Estudios-Historicos-2024_001.png 2073w, https:\/\/uuee.ejercito.mil.uy\/eehh\/wp-content\/uploads\/sites\/6\/2024\/03\/Heraldica-Estudios-Historicos-2024_001-240x300.png 240w, https:\/\/uuee.ejercito.mil.uy\/eehh\/wp-content\/uploads\/sites\/6\/2024\/03\/Heraldica-Estudios-Historicos-2024_001-819x1024.png 819w, https:\/\/uuee.ejercito.mil.uy\/eehh\/wp-content\/uploads\/sites\/6\/2024\/03\/Heraldica-Estudios-Historicos-2024_001-768x960.png 768w, https:\/\/uuee.ejercito.mil.uy\/eehh\/wp-content\/uploads\/sites\/6\/2024\/03\/Heraldica-Estudios-Historicos-2024_001-1228x1536.png 1228w, https:\/\/uuee.ejercito.mil.uy\/eehh\/wp-content\/uploads\/sites\/6\/2024\/03\/Heraldica-Estudios-Historicos-2024_001-1638x2048.png 1638w\" sizes=\"auto, (max-width: 2073px) 100vw, 2073px\" \/><\/figure>\n<\/div>\n\n\n<p class=\"has-text-align-center has-nv-text-dark-bg-color has-text-color has-link-color has-large-font-size wp-elements-2940e5c979f4ad480454994ee6ca2dc6\">Horario de visita: Martes a Viernes de 10:00 a 18:00 Horas<\/p>\n<\/div>\n<\/div><\/div>\n\n\n\n<div style=\"height:100px\" aria-hidden=\"true\" class=\"wp-block-spacer\"><\/div>\n\n\n\n<div class=\"wp-block-media-text alignfull is-stacked-on-mobile is-vertically-aligned-top has-nv-dark-bg-background-color has-background\" style=\"padding-top:var(--wp--preset--spacing--50);padding-bottom:var(--wp--preset--spacing--50)\"><figure class=\"wp-block-media-text__media\"><img loading=\"lazy\" decoding=\"async\" width=\"1024\" height=\"768\" src=\"https:\/\/uuee.ejercito.mil.uy\/eehh\/wp-content\/uploads\/sites\/6\/2024\/08\/Fachada.jpg\" alt=\"\" class=\"wp-image-1673 size-full\" srcset=\"https:\/\/uuee.ejercito.mil.uy\/eehh\/wp-content\/uploads\/sites\/6\/2024\/08\/Fachada.jpg 1024w, https:\/\/uuee.ejercito.mil.uy\/eehh\/wp-content\/uploads\/sites\/6\/2024\/08\/Fachada-300x225.jpg 300w, https:\/\/uuee.ejercito.mil.uy\/eehh\/wp-content\/uploads\/sites\/6\/2024\/08\/Fachada-768x576.jpg 768w\" sizes=\"auto, (max-width: 1024px) 100vw, 1024px\" \/><\/figure><div class=\"wp-block-media-text__content\">\n<h3 class=\"wp-block-heading has-text-align-center has-nv-site-bg-color has-text-color\"><strong>Museo Militar \u201c18 de Mayo de 1811\u201d<\/strong><\/h3>\n\n\n\n<p class=\"has-text-align-center has-nv-site-bg-color has-text-color has-link-color has-medium-font-size wp-elements-8242b1aa23bf0ef9c4c784245f1c2684\">Situado en un edificio Patrimonio Hist\u00f3rico Nacional, el edificio de Soriano 1090, esquina calle Paraguay, ya era una estructura vetusta. La historia de este edificio, que se mantiene en el \u00e1mbito militar siendo la sede del Departamento de Estudios Hist\u00f3ricos del Estado Mayor del Ej\u00e9rcito y del Museo Militar \u201c18 de mayo de 1811\u201d desde el a\u00f1o 2002 es por lo dem\u00e1s interesante.<\/p>\n\n\n\n<p class=\"has-nv-site-bg-color has-text-color has-link-color has-medium-font-size wp-elements-f44a6c1c48e49227329b3bb5cbf818bf\">Colocada la piedra fundacional el 22 de Mayo de 1853, para construcci\u00f3n del Hospital&nbsp; Italiano. El arquitecto es el italiano D. Pedro Fossati quien se basa en las normas del Renacimiento italiano para la fachada. Casi concluido el edificio, en 1854, se deben suspender las obras por falta de fondos. Entre 1863 y 1865 se lo alquila para uso del Batall\u00f3n de la Guardia Nacional convocado por&nbsp; el Sr. Presidente Bernardo P.&nbsp; Berro. Entre 1865 y 1870 funciona como Hospital Militar para heridos del Ej\u00e9rcito brasile\u00f1o de la Guerra del Paraguay. Entre 1870 y 1872 es alquilado por el Gobierno, constituye la sede del 2\u00ba Batall\u00f3n de Guardias Nacionales comandado por el Cnel. Juan Cruz Costa. Entre 1873 y 1875 funciona como Colegio Filantr\u00f3pico. A su vez entre 1883 y 1910, luego de la venta por la Comisi\u00f3n del Hospital Italiano se convierte en&nbsp; sede del Gran Oriente de la Masoner\u00eda Uruguaya, siendo su primera sede propia luego de alquilar las previas.&nbsp; El 11 de noviembre de 1910 es adquirido por el Estado. Se considera instalar all\u00ed los Tribunales Militares. En cambio entre 1912 y 1939 se convierte en Universidad de Mujeres, donde se realizan Cursos de Ense\u00f1anza Secundaria y Preparatoria.<\/p>\n<\/div><\/div>\n\n\n\n<div style=\"height:100px\" aria-hidden=\"true\" class=\"wp-block-spacer\"><\/div>\n\n\n\n<div class=\"wp-block-media-text alignfull is-stacked-on-mobile is-vertically-aligned-top has-nv-dark-bg-background-color has-background\" style=\"padding-top:var(--wp--preset--spacing--50);padding-bottom:var(--wp--preset--spacing--50)\"><figure class=\"wp-block-media-text__media\"><img loading=\"lazy\" decoding=\"async\" width=\"1024\" height=\"1024\" src=\"https:\/\/uuee.ejercito.mil.uy\/eehh\/wp-content\/uploads\/sites\/6\/2024\/08\/Puerta-Soriano-1024x1024.jpg\" alt=\"\" class=\"wp-image-1674 size-full\" srcset=\"https:\/\/uuee.ejercito.mil.uy\/eehh\/wp-content\/uploads\/sites\/6\/2024\/08\/Puerta-Soriano-1024x1024.jpg 1024w, https:\/\/uuee.ejercito.mil.uy\/eehh\/wp-content\/uploads\/sites\/6\/2024\/08\/Puerta-Soriano-300x300.jpg 300w, https:\/\/uuee.ejercito.mil.uy\/eehh\/wp-content\/uploads\/sites\/6\/2024\/08\/Puerta-Soriano-150x150.jpg 150w, https:\/\/uuee.ejercito.mil.uy\/eehh\/wp-content\/uploads\/sites\/6\/2024\/08\/Puerta-Soriano-768x768.jpg 768w, https:\/\/uuee.ejercito.mil.uy\/eehh\/wp-content\/uploads\/sites\/6\/2024\/08\/Puerta-Soriano-1536x1536.jpg 1536w, https:\/\/uuee.ejercito.mil.uy\/eehh\/wp-content\/uploads\/sites\/6\/2024\/08\/Puerta-Soriano-2048x2048.jpg 2048w\" sizes=\"auto, (max-width: 1024px) 100vw, 1024px\" \/><\/figure><div class=\"wp-block-media-text__content\">\n<p class=\"has-text-align-center has-nv-site-bg-color has-text-color has-link-color has-medium-font-size wp-elements-6e3bdaf48d255f51beb45f0ed1257145\">En 1941 y luego de realizadas las reparaciones y adaptaciones necesarias para su nuevo destino, el 8 de mayo se traslada all\u00ed la Inspecci\u00f3n General del Ej\u00e9rcito y el Estado Mayor General. El 12 de octubre se inaugura como sede de la Inspecci\u00f3n General del Ej\u00e9rcito, por el Sr. Presidente Gral. Arq. Alfredo Baldomir. En 1970 se convierte en Comando General del Ej\u00e9rcito.<\/p>\n\n\n\n<p class=\"has-nv-site-bg-color has-text-color has-link-color has-medium-font-size wp-elements-d33bfa39f6076ec32c1863376fb44731\">&nbsp;En su per\u00edodo de uso, el 12 de octubre de 1971 se realiz\u00f3 la conmemoraci\u00f3n de los 30 a\u00f1os del traslado a ese edificio, recordado por Orden Interna N\u00ba 12 del C.G.E. y E.M.G.E de esa fecha.<\/p>\n\n\n\n<p class=\"has-text-align-center has-nv-site-bg-color has-text-color has-link-color has-medium-font-size wp-elements-ba80d4e1309ba98a47b94e6d863d56fa\">&nbsp;&nbsp;&nbsp;&nbsp;&nbsp;&nbsp;&nbsp;En 1975 se lo declara Monumento Hist\u00f3rico al edificio. Desafectado, luego es vuelto a afectar por la Res. 293\/986 del 4\/3\/86.<\/p>\n<\/div><\/div>\n\n\n\n<div style=\"height:100px\" aria-hidden=\"true\" class=\"wp-block-spacer\"><\/div>\n\n\n\n<div class=\"wp-block-media-text alignfull is-stacked-on-mobile is-vertically-aligned-top has-nv-dark-bg-background-color has-background\" style=\"padding-top:var(--wp--preset--spacing--50);padding-bottom:var(--wp--preset--spacing--50)\"><figure class=\"wp-block-media-text__media\"><img loading=\"lazy\" decoding=\"async\" width=\"1024\" height=\"683\" src=\"https:\/\/uuee.ejercito.mil.uy\/eehh\/wp-content\/uploads\/sites\/6\/2025\/10\/DSC_0113-1024x683.jpg\" alt=\"\" class=\"wp-image-3675 size-full\" srcset=\"https:\/\/uuee.ejercito.mil.uy\/eehh\/wp-content\/uploads\/sites\/6\/2025\/10\/DSC_0113-1024x683.jpg 1024w, https:\/\/uuee.ejercito.mil.uy\/eehh\/wp-content\/uploads\/sites\/6\/2025\/10\/DSC_0113-300x200.jpg 300w, https:\/\/uuee.ejercito.mil.uy\/eehh\/wp-content\/uploads\/sites\/6\/2025\/10\/DSC_0113-768x512.jpg 768w, https:\/\/uuee.ejercito.mil.uy\/eehh\/wp-content\/uploads\/sites\/6\/2025\/10\/DSC_0113-1536x1024.jpg 1536w, https:\/\/uuee.ejercito.mil.uy\/eehh\/wp-content\/uploads\/sites\/6\/2025\/10\/DSC_0113-2048x1365.jpg 2048w, https:\/\/uuee.ejercito.mil.uy\/eehh\/wp-content\/uploads\/sites\/6\/2025\/10\/DSC_0113-930x620.jpg 930w\" sizes=\"auto, (max-width: 1024px) 100vw, 1024px\" \/><\/figure><div class=\"wp-block-media-text__content\">\n<h3 class=\"wp-block-heading has-text-align-center has-text-color\" style=\"color:#000000\"><\/h3>\n\n\n\n<p class=\"has-text-align-center has-nv-site-bg-color has-text-color has-link-color has-medium-font-size wp-elements-803c09cb0c7700c14d55167383e8af90\">&nbsp;&nbsp;&nbsp;&nbsp;&nbsp;&nbsp;Deja de ser sede del Estado Mayor por la resoluci\u00f3n del 19 de diciembre de 1975 que se cambia la Sede del Comando General del Ej\u00e9rcito para el edificio en Avda. Garibaldi 2313, pasando all\u00ed el Instituto Militar de Estudios Superiores, hasta la inauguraci\u00f3n de su nueva sede en el a\u00f1o 2000.<\/p>\n\n\n\n<p class=\"has-text-align-center has-nv-site-bg-color has-text-color has-link-color has-medium-font-size wp-elements-195c63dda01c39826a090eb266e01db9\">&nbsp;&nbsp;&nbsp;&nbsp;&nbsp;&nbsp;&nbsp;Larga historia llena de hitos, primer intento de hospital de la comunidad italiana, hospital brasile\u00f1o, primera sede propia de la masoner\u00eda, primera sede de una secundaria de mujeres desde donde lograron el salto a la educaci\u00f3n universitaria, primera sede propia de la Inspecci\u00f3n General del Ej\u00e9rcito, hoy Comando General del Ej\u00e9rcito, sede actual del Departamento de Estudios Hist\u00f3ricos del Estado Mayor del Ej\u00e9rcito entre otros varios fines, historia rica en la cultura y la formaci\u00f3n nacional.<\/p>\n<\/div><\/div>\n\n\n\n<div style=\"height:100px\" aria-hidden=\"true\" class=\"wp-block-spacer\"><\/div>\n\n\n\n<div class=\"wp-block-media-text alignfull is-stacked-on-mobile is-vertically-aligned-top has-nv-dark-bg-background-color has-background\" style=\"padding-top:var(--wp--preset--spacing--50);padding-right:0;padding-bottom:var(--wp--preset--spacing--50);padding-left:0\"><figure class=\"wp-block-media-text__media\"><img loading=\"lazy\" decoding=\"async\" width=\"1024\" height=\"683\" src=\"https:\/\/uuee.ejercito.mil.uy\/eehh\/wp-content\/uploads\/sites\/6\/2024\/08\/AAMMEU-1024x683.jpg\" alt=\"\" class=\"wp-image-1677 size-full\" srcset=\"https:\/\/uuee.ejercito.mil.uy\/eehh\/wp-content\/uploads\/sites\/6\/2024\/08\/AAMMEU-1024x683.jpg 1024w, https:\/\/uuee.ejercito.mil.uy\/eehh\/wp-content\/uploads\/sites\/6\/2024\/08\/AAMMEU-300x200.jpg 300w, https:\/\/uuee.ejercito.mil.uy\/eehh\/wp-content\/uploads\/sites\/6\/2024\/08\/AAMMEU-768x512.jpg 768w, https:\/\/uuee.ejercito.mil.uy\/eehh\/wp-content\/uploads\/sites\/6\/2024\/08\/AAMMEU-1536x1024.jpg 1536w, https:\/\/uuee.ejercito.mil.uy\/eehh\/wp-content\/uploads\/sites\/6\/2024\/08\/AAMMEU-2048x1365.jpg 2048w, https:\/\/uuee.ejercito.mil.uy\/eehh\/wp-content\/uploads\/sites\/6\/2024\/08\/AAMMEU-930x620.jpg 930w\" sizes=\"auto, (max-width: 1024px) 100vw, 1024px\" \/><\/figure><div class=\"wp-block-media-text__content\">\n<h3 class=\"wp-block-heading has-text-align-center has-text-color\" style=\"color:#000000\"><\/h3>\n\n\n\n<p class=\"has-text-align-center has-nv-site-bg-color has-text-color has-link-color has-medium-font-size wp-elements-ff9daad5778fd0dd93671dfeacd1cca6\">Es imposible en la pr\u00e1ctica resumir la rica historia del Ej\u00e9rcito en un museo, sin embargo, con la inauguraci\u00f3n del Museo Militar 18 de mayo de 1811 el 20 de setiembre del a\u00f1o 2002 se cubre una importante carencia en la recuperaci\u00f3n hist\u00f3rica del Ej\u00e9rcito Nacional, que unido a los diferentes museos militares dependientes de esta Instituci\u00f3n permitan aquilatar su contribuci\u00f3n a la forja y defensa del ser nacional y al desarrollo de sus habitantes.<\/p>\n\n\n\n<p class=\"has-nv-site-bg-color has-text-color has-link-color has-medium-font-size wp-elements-b78b68447ee43f84dbcbe3783d9404a5\">&nbsp;&nbsp;&nbsp;&nbsp;&nbsp;&nbsp;&nbsp;En una primera aproximaci\u00f3n, el desarrollo se ha centrado en:<\/p>\n\n\n\n<p class=\"has-text-align-center has-nv-site-bg-color has-text-color has-link-color has-medium-font-size wp-elements-bc4c4892fb4ff6daf81ac004aeb97646\">&nbsp;&nbsp;&nbsp;&nbsp;&nbsp;&nbsp;La estructura museogr\u00e1fica se desarrolla con un claro recorrido cronol\u00f3gico basado en diferentes medios: paneles con informaci\u00f3n, paneles interactivos, cuadros, vitrinas con informaci\u00f3n y materiales ejemplificadores de los diferentes per\u00edodos, videos informativos, as\u00ed como maniqu\u00edes vestidos con uniformes significativos para la historia de la Instituci\u00f3n.<\/p>\n<\/div><\/div>\n\n\n\n<div style=\"height:100px\" aria-hidden=\"true\" class=\"wp-block-spacer\"><\/div>\n\n\n\n<div class=\"wp-block-media-text alignfull is-stacked-on-mobile is-vertically-aligned-top has-nv-dark-bg-background-color has-background\" style=\"padding-top:var(--wp--preset--spacing--50);padding-bottom:var(--wp--preset--spacing--50)\"><figure class=\"wp-block-media-text__media\"><img loading=\"lazy\" decoding=\"async\" width=\"1024\" height=\"768\" src=\"https:\/\/uuee.ejercito.mil.uy\/eehh\/wp-content\/uploads\/sites\/6\/2024\/08\/Sala-de-armas-3-1024x768.jpg\" alt=\"\" class=\"wp-image-1676 size-full\" srcset=\"https:\/\/uuee.ejercito.mil.uy\/eehh\/wp-content\/uploads\/sites\/6\/2024\/08\/Sala-de-armas-3-1024x768.jpg 1024w, https:\/\/uuee.ejercito.mil.uy\/eehh\/wp-content\/uploads\/sites\/6\/2024\/08\/Sala-de-armas-3-300x225.jpg 300w, https:\/\/uuee.ejercito.mil.uy\/eehh\/wp-content\/uploads\/sites\/6\/2024\/08\/Sala-de-armas-3-768x576.jpg 768w, https:\/\/uuee.ejercito.mil.uy\/eehh\/wp-content\/uploads\/sites\/6\/2024\/08\/Sala-de-armas-3-1536x1152.jpg 1536w, https:\/\/uuee.ejercito.mil.uy\/eehh\/wp-content\/uploads\/sites\/6\/2024\/08\/Sala-de-armas-3-2048x1536.jpg 2048w\" sizes=\"auto, (max-width: 1024px) 100vw, 1024px\" \/><\/figure><div class=\"wp-block-media-text__content\">\n<h3 class=\"wp-block-heading has-text-align-center has-text-color\" style=\"color:#000000\"><\/h3>\n\n\n\n<p class=\"has-text-align-center has-nv-site-bg-color has-text-color has-link-color has-medium-font-size wp-elements-95f380a4dc18b624726797550938e064\">Una combinaci\u00f3n de selecci\u00f3n tem\u00e1tica e hitos hist\u00f3ricos representativos de la Instituci\u00f3n, sin olvidar el edificio donde se asienta el Museo cumpli\u00e9ndose as\u00ed un doble rol de recuperaci\u00f3n hist\u00f3rica y educaci\u00f3n a las futuras generaciones.<\/p>\n\n\n\n<p class=\"has-nv-site-bg-color has-text-color has-link-color has-medium-font-size wp-elements-279e2beb11d50912efa00ae5fdc21ed5\">&nbsp;&nbsp;&nbsp;&nbsp;&nbsp;&nbsp;&nbsp;En la selecci\u00f3n de hitos que pauten la evoluci\u00f3n de nuestro Ej\u00e9rcito, se ha partido desde su g\u00e9nesis en el Ej\u00e9rcito patriota que forj\u00f3 el Gral. Artigas, con su partida de nacimiento el 18 de mayo de 1811, hasta las Misiones de Paz que hoy se cumplen. Una sucesi\u00f3n de salas de tem\u00e1tica sobre armamento, uniformolog\u00eda, condecoraciones y otra de la Asociaci\u00f3n de Amigos de Museos Militares del Ej\u00e9rcito Uruguayo y la destinada a los fallecidos en cumplimiento del servicio refuerzan esta visi\u00f3n de la rica historia del Ej\u00e9rcito Nacional.<\/p>\n\n\n\n<p class=\"has-text-align-center has-nv-site-bg-color has-text-color has-link-color has-medium-font-size wp-elements-0b034aff4184a480c0b53ae05e52311f\">&nbsp;&nbsp;&nbsp;&nbsp;&nbsp;&nbsp;&nbsp;Este es un esfuerzo realizado luego de una larga preparaci\u00f3n, din\u00e1mico en su desarrollo, esperando se convierta en una fuente, donde las nuevas generaciones puedan abrevar conocimiento, no solo recibiendo visitantes, sino acerc\u00e1ndose a ellos con las exposiciones temporarias.<\/p>\n<\/div><\/div>\n\n\n\n<div style=\"height:100px\" aria-hidden=\"true\" class=\"wp-block-spacer\"><\/div>\n","protected":false},"excerpt":{"rendered":"<p>Museo Militar \u201c18 de Mayo de 1811\u201d Situado en un edificio Patrimonio Hist\u00f3rico Nacional, el edificio de Soriano 1090, esquina calle Paraguay, ya era una estructura vetusta. La historia de este edificio, que se mantiene en el \u00e1mbito militar siendo la sede del Departamento de Estudios Hist\u00f3ricos del Estado Mayor del Ej\u00e9rcito y del Museo&hellip;&nbsp;<a href=\"https:\/\/uuee.ejercito.mil.uy\/eehh\/museo-militar-18-de-mayo-de-1811\/\" rel=\"bookmark\">Leer m\u00e1s &raquo;<span class=\"screen-reader-text\">Museo Militar \u00bb18 de Mayo de 1811\u00bb<\/span><\/a><\/p>\n","protected":false},"author":1,"featured_media":0,"parent":0,"menu_order":0,"comment_status":"closed","ping_status":"closed","template":"","meta":{"neve_meta_sidebar":"","neve_meta_container":"","neve_meta_enable_content_width":"","neve_meta_content_width":0,"neve_meta_title_alignment":"","neve_meta_author_avatar":"","neve_post_elements_order":"","neve_meta_disable_header":"","neve_meta_disable_footer":"","neve_meta_disable_title":"on","_themeisle_gutenberg_block_has_review":false,"footnotes":""},"class_list":["post-995","page","type-page","status-publish","hentry"],"_links":{"self":[{"href":"https:\/\/uuee.ejercito.mil.uy\/eehh\/wp-json\/wp\/v2\/pages\/995","targetHints":{"allow":["GET"]}}],"collection":[{"href":"https:\/\/uuee.ejercito.mil.uy\/eehh\/wp-json\/wp\/v2\/pages"}],"about":[{"href":"https:\/\/uuee.ejercito.mil.uy\/eehh\/wp-json\/wp\/v2\/types\/page"}],"author":[{"embeddable":true,"href":"https:\/\/uuee.ejercito.mil.uy\/eehh\/wp-json\/wp\/v2\/users\/1"}],"replies":[{"embeddable":true,"href":"https:\/\/uuee.ejercito.mil.uy\/eehh\/wp-json\/wp\/v2\/comments?post=995"}],"version-history":[{"count":12,"href":"https:\/\/uuee.ejercito.mil.uy\/eehh\/wp-json\/wp\/v2\/pages\/995\/revisions"}],"predecessor-version":[{"id":3684,"href":"https:\/\/uuee.ejercito.mil.uy\/eehh\/wp-json\/wp\/v2\/pages\/995\/revisions\/3684"}],"wp:attachment":[{"href":"https:\/\/uuee.ejercito.mil.uy\/eehh\/wp-json\/wp\/v2\/media?parent=995"}],"curies":[{"name":"wp","href":"https:\/\/api.w.org\/{rel}","templated":true}]}}