{"id":971,"date":"2022-07-06T12:15:30","date_gmt":"2022-07-06T12:15:30","guid":{"rendered":"http:\/\/uuee.ejercito.mil.uy\/eehh\/?page_id=971"},"modified":"2026-05-08T12:43:01","modified_gmt":"2026-05-08T12:43:01","slug":"division-archivos","status":"publish","type":"page","link":"https:\/\/uuee.ejercito.mil.uy\/eehh\/division-archivos\/","title":{"rendered":"Divisi\u00f3n Archivo"},"content":{"rendered":"\n<div class=\"wp-block-cover alignfull is-light\" style=\"min-height:589px;aspect-ratio:unset;\"><img loading=\"lazy\" decoding=\"async\" width=\"1024\" height=\"310\" class=\"wp-block-cover__image-background wp-image-1998 size-large\" alt=\"\" src=\"https:\/\/uuee.ejercito.mil.uy\/eehh\/wp-content\/uploads\/sites\/6\/2024\/09\/DSC_0075-scaled-e1778242078865-1024x310.jpg\" data-object-fit=\"cover\" srcset=\"https:\/\/uuee.ejercito.mil.uy\/eehh\/wp-content\/uploads\/sites\/6\/2024\/09\/DSC_0075-scaled-e1778242078865-1024x310.jpg 1024w, https:\/\/uuee.ejercito.mil.uy\/eehh\/wp-content\/uploads\/sites\/6\/2024\/09\/DSC_0075-scaled-e1778242078865-300x91.jpg 300w, https:\/\/uuee.ejercito.mil.uy\/eehh\/wp-content\/uploads\/sites\/6\/2024\/09\/DSC_0075-scaled-e1778242078865-768x232.jpg 768w, https:\/\/uuee.ejercito.mil.uy\/eehh\/wp-content\/uploads\/sites\/6\/2024\/09\/DSC_0075-scaled-e1778242078865-1536x464.jpg 1536w, https:\/\/uuee.ejercito.mil.uy\/eehh\/wp-content\/uploads\/sites\/6\/2024\/09\/DSC_0075-scaled-e1778242078865.jpg 1975w\" sizes=\"auto, (max-width: 1024px) 100vw, 1024px\" \/><span aria-hidden=\"true\" class=\"wp-block-cover__background has-background-dim\" style=\"background-color:#9a9b9b\"><\/span><div class=\"wp-block-cover__inner-container is-layout-flow wp-block-cover-is-layout-flow\">\n<p class=\"has-text-align-center has-nv-text-dark-bg-color has-text-color has-link-color has-large-font-size wp-elements-e1ce7feb13dfc21a34552939509fdb80\">Archivo General del Ej\u00e9rcito<\/p>\n\n\n<div class=\"wp-block-image\">\n<figure class=\"aligncenter size-full is-resized\"><img loading=\"lazy\" decoding=\"async\" width=\"2047\" height=\"2560\" src=\"https:\/\/uuee.ejercito.mil.uy\/eehh\/wp-content\/uploads\/sites\/6\/2025\/08\/Heraldica-Estudios-Historicos-2024_001-scaled.png\" alt=\"\" class=\"wp-image-3567\" style=\"width:240px;height:261px\" srcset=\"https:\/\/uuee.ejercito.mil.uy\/eehh\/wp-content\/uploads\/sites\/6\/2025\/08\/Heraldica-Estudios-Historicos-2024_001-scaled.png 2047w, https:\/\/uuee.ejercito.mil.uy\/eehh\/wp-content\/uploads\/sites\/6\/2025\/08\/Heraldica-Estudios-Historicos-2024_001-240x300.png 240w, https:\/\/uuee.ejercito.mil.uy\/eehh\/wp-content\/uploads\/sites\/6\/2025\/08\/Heraldica-Estudios-Historicos-2024_001-819x1024.png 819w, https:\/\/uuee.ejercito.mil.uy\/eehh\/wp-content\/uploads\/sites\/6\/2025\/08\/Heraldica-Estudios-Historicos-2024_001-768x960.png 768w, https:\/\/uuee.ejercito.mil.uy\/eehh\/wp-content\/uploads\/sites\/6\/2025\/08\/Heraldica-Estudios-Historicos-2024_001-1228x1536.png 1228w, https:\/\/uuee.ejercito.mil.uy\/eehh\/wp-content\/uploads\/sites\/6\/2025\/08\/Heraldica-Estudios-Historicos-2024_001-1638x2048.png 1638w\" sizes=\"auto, (max-width: 2047px) 100vw, 2047px\" \/><\/figure>\n<\/div>\n\n\n<p class=\"has-text-align-center has-nv-text-dark-bg-color has-text-color has-link-color has-large-font-size wp-elements-fd94bc8c094f250ce4db94239575d304\"><\/p>\n<\/div><\/div>\n\n\n\n<div style=\"height:100px\" aria-hidden=\"true\" class=\"wp-block-spacer\"><\/div>\n\n\n\n<div id=\"wp-block-themeisle-blocks-advanced-columns-dd69a2dc\" class=\"wp-block-themeisle-blocks-advanced-columns alignfull has-1-columns has-desktop-oneTwo-layout has-tablet-equal-layout has-mobile-collapsedRows-layout has-vertical-center ticss-a2946a77 has-light-bg\"><div class=\"wp-block-themeisle-blocks-advanced-columns-overlay\"><\/div><div class=\"innerblocks-wrap\">\n<div id=\"wp-block-themeisle-blocks-advanced-column-8b8091a9\" class=\"wp-block-themeisle-blocks-advanced-column\">\n<p class=\"has-text-align-left has-nv-dark-bg-color has-text-color has-medium-font-size\">La Divisi\u00f3n Archivo se encarga de la gesti\u00f3n del Archivo General del Ej\u00e9rcito, cuyo acervo est\u00e1 compuesto mayoritariamente por legajos personales y hojas de servicios y hechos del personal militar y civil que ha prestado servicios en el Ej\u00e9rcito Nacional, con documentos que datan desde 1810 hasta nuestros d\u00edas. La Divisi\u00f3n tiene bajo su responsabilidad la clasificaci\u00f3n, descripci\u00f3n, evaluaci\u00f3n y conservaci\u00f3n del acervo, asegurando su identidad, autenticidad, integridad y acceso para consulta.<\/p>\n<\/div>\n<\/div><\/div>\n\n\n\n<div id=\"wp-block-themeisle-blocks-advanced-columns-dbc533f7\" class=\"wp-block-themeisle-blocks-advanced-columns alignfull has-1-columns has-desktop-oneTwo-layout has-tablet-equal-layout has-mobile-collapsedRows-layout has-vertical-center ticss-a2946a77 has-light-bg\"><div class=\"wp-block-themeisle-blocks-advanced-columns-overlay\"><\/div><div class=\"innerblocks-wrap\">\n<div id=\"wp-block-themeisle-blocks-advanced-column-bc48ee94\" class=\"wp-block-themeisle-blocks-advanced-column\">\n<p class=\"has-text-align-left has-nv-dark-bg-color has-text-color\" style=\"font-size:30px\">Solicitud de constancia de a\u00f1os de servicio en el Ej\u00e9rcito Nacional<\/p>\n\n\n\n<p class=\"has-nv-dark-bg-color has-text-color has-link-color wp-elements-d0e88ef9cebcfa636fab21d60de9adcf\" style=\"font-size:20px\">&#8211; Tr\u00e1mite <strong>personal<\/strong>.<\/p>\n\n\n\n<p class=\"has-nv-dark-bg-color has-text-color has-link-color wp-elements-8a65a9c5ad01784caff59ce86b71ed1b\" style=\"font-size:20px\">&#8211; Informaci\u00f3n a indicar:<\/p>\n\n\n\n<ul style=\"font-size:20px\" class=\"wp-block-list has-nv-dark-bg-color has-text-color has-link-color wp-elements-5d5d6e9842a4e86ce6328d549787ac86\">\n<li>Nombre completo.<\/li>\n\n\n\n<li>C\u00e9dula de identidad.<\/li>\n\n\n\n<li>A\u00f1os aproximados de alta y baja.<\/li>\n\n\n\n<li>Unidad o unidades donde prest\u00f3 servicios y a\u00f1os.<\/li>\n\n\n\n<li>Grado.<\/li>\n\n\n\n<li>Organismo, instituci\u00f3n o empresa ante la cual debe presentar la constancia (BPS, AFAP, etc.).<\/li>\n\n\n\n<li>Datos de contacto (correo electr\u00f3nico o celular)<\/li>\n<\/ul>\n\n\n\n<p class=\"has-nv-dark-bg-color has-text-color has-link-color wp-elements-3d39a1dfc621b4610d1329012af830dd\" style=\"font-size:20px\">&#8211; Para iniciar el tr\u00e1mite el solicitante debe <strong>adjuntar copia de c\u00e9dula de identidad<\/strong>.<\/p>\n\n\n\n<p class=\"has-nv-dark-bg-color has-text-color has-link-color wp-elements-a1219f0295592e6307841cf245243bb7\" style=\"font-size:20px\">&#8211; Las constancias se proporcionan <strong>\u00fanicamente en formato digital<\/strong> (.pdf) a trav\u00e9s de correo electr\u00f3nico o Whatsapp.<\/p>\n\n\n\n<p class=\"has-nv-dark-bg-color has-text-color has-link-color wp-elements-1c9af9044d499f0e72fdfb219e62e052\" style=\"font-size:20px\">&#8211; Para solicitar una constancia de a\u00f1os de servicio de <strong>personal fallecido<\/strong>, el solicitante debe adjuntar documento que compruebe rasgos de parentesco (partida de nacimiento, partida de defunci\u00f3n, libreta de matrimonio, etc.).<\/p>\n\n\n\n<div class=\"wp-block-buttons is-layout-flex wp-block-buttons-is-layout-flex\">\n<div class=\"wp-block-button\"><a class=\"wp-block-button__link wp-element-button\" href=\"https:\/\/docs.google.com\/forms\/d\/e\/1FAIpQLSdzj6CYLkIbs5rO28_69HyArGT0R_TAzXpUUwAWdcrb3AQleQ\/viewform?usp=header\">Link a formulario de solicitud<\/a><\/div>\n<\/div>\n\n\n\n<p class=\"has-text-align-left has-nv-dark-bg-color has-text-color has-link-color has-medium-font-size wp-elements-d76becd44778f605c2975b5f0b06d0d5\"><br>[En caso de no poder acceder al formulario, enviar solicitud al +598 92 699 478]<\/p>\n<\/div>\n<\/div><\/div>\n\n\n\n<div id=\"wp-block-themeisle-blocks-advanced-columns-5e67e393\" class=\"wp-block-themeisle-blocks-advanced-columns alignfull has-1-columns has-desktop-oneTwo-layout has-tablet-equal-layout has-mobile-collapsedRows-layout has-vertical-center ticss-a2946a77 has-light-bg\"><div class=\"wp-block-themeisle-blocks-advanced-columns-overlay\"><\/div><div class=\"innerblocks-wrap\">\n<div id=\"wp-block-themeisle-blocks-advanced-column-43429a76\" class=\"wp-block-themeisle-blocks-advanced-column\">\n<h2 class=\"wp-block-heading has-text-align-left has-nv-dark-bg-color has-text-color has-medium-font-size\">Solicitud de copia de legajo personal, hoja de servicios y hechos, certificado de Jura de Fidelidad a la Bandera Nacional, aprobaci\u00f3n de curso b\u00e1sico, etc.<\/h2>\n\n\n\n<p class=\"has-nv-dark-bg-color has-text-color has-link-color wp-elements-d0e88ef9cebcfa636fab21d60de9adcf\" style=\"font-size:20px\">&#8211; Tr\u00e1mite <strong>personal<\/strong>.<\/p>\n\n\n\n<p class=\"has-nv-dark-bg-color has-text-color has-link-color wp-elements-27467a7796d37c0b213d13ccd9356c5b\" style=\"font-size:20px\">&#8211; <strong>Informaci\u00f3n a indicar<\/strong>:<\/p>\n\n\n\n<ul style=\"font-size:20px\" class=\"wp-block-list\">\n<li class=\"has-nv-dark-bg-color has-text-color has-link-color wp-elements-7c4a2e961af976a1469e5df0e446d7e0\">Nombre completo.<\/li>\n\n\n\n<li class=\"has-nv-dark-bg-color has-text-color has-link-color wp-elements-636501224fddc0d2a7b019e9145c934f\">C\u00e9dula de identidad.<\/li>\n\n\n\n<li class=\"has-nv-dark-bg-color has-text-color has-link-color wp-elements-8cb436e7d83047ab439138df20a4d529\">A\u00f1os aproximados de alta y baja.<\/li>\n\n\n\n<li class=\"has-nv-dark-bg-color has-text-color has-link-color wp-elements-61a4d57cb155a3a8229a441eb23b4b05\">Unidad o unidades donde prest\u00f3 servicios y a\u00f1os<\/li>\n\n\n\n<li class=\"has-nv-dark-bg-color has-text-color has-link-color wp-elements-c32d73686588c4eb07f7dc98a496b4e9\">Grado.<\/li>\n\n\n\n<li class=\"has-nv-dark-bg-color has-text-color has-link-color wp-elements-b6edb56f348eb9cea0b26ce6d8d233f2\">Datos de contacto (correo electr\u00f3nico o celular).<\/li>\n<\/ul>\n\n\n\n<p class=\"has-nv-dark-bg-color has-text-color has-link-color wp-elements-3d39a1dfc621b4610d1329012af830dd\" style=\"font-size:20px\">&#8211; Para iniciar el tr\u00e1mite el solicitante debe <strong>adjuntar copia de c\u00e9dula de identidad<\/strong>.<\/p>\n\n\n\n<p class=\"has-nv-dark-bg-color has-text-color has-link-color wp-elements-652bcc7c9c409063e30857102d4a5cc2\" style=\"font-size:20px\">&#8211; Las copias se proporcionan <strong>\u00fanicamente en formato digital<\/strong> (.pdf) a trav\u00e9s de correo electr\u00f3nico o Whatsapp.<br><\/p>\n\n\n\n<p class=\"has-nv-dark-bg-color has-text-color has-link-color wp-elements-2ba6b9e2ceca84ebf42cf6fd46eae95e\" style=\"font-size:20px\">&#8211; En el caso de estar realizando el tr\u00e1mite <strong>para un tercero<\/strong>, el solicitante debe presentar un poder firmado que lo autorice.<\/p>\n\n\n\n<p class=\"has-medium-font-size\">&#8211; En el caso de necesitar constancias de servicios de personal <strong>fallecido<\/strong>, debe adjuntar copia de partida de defunci\u00f3n.<\/p>\n\n\n\n<div class=\"wp-block-buttons is-layout-flex wp-block-buttons-is-layout-flex\">\n<div class=\"wp-block-button\"><a class=\"wp-block-button__link wp-element-button\" href=\"https:\/\/docs.google.com\/forms\/d\/e\/1FAIpQLSe07xYKVdJ272bP_tL1fWcwVLXgtDaJwW7wWV85ir1m1nOQHA\/viewform?usp=header\"><strong>Link a formulario de solicitud<\/strong><\/a><\/div>\n<\/div>\n<\/div>\n<\/div><\/div>\n\n\n\n<div style=\"height:100px\" aria-hidden=\"true\" class=\"wp-block-spacer\"><\/div>\n\n\n\n<div id=\"wp-block-themeisle-blocks-advanced-columns-4981d9c7\" class=\"wp-block-themeisle-blocks-advanced-columns alignfull has-1-columns has-desktop-oneTwo-layout has-tablet-equal-layout has-mobile-collapsedRows-layout has-vertical-center ticss-a2946a77 has-light-bg\"><div class=\"wp-block-themeisle-blocks-advanced-columns-overlay\"><\/div><div class=\"innerblocks-wrap\">\n<div id=\"wp-block-themeisle-blocks-advanced-column-a994c6bc\" class=\"wp-block-themeisle-blocks-advanced-column\">\n<h2 class=\"wp-block-heading has-text-align-left has-nv-dark-bg-color has-text-color\" style=\"font-size:30px\">Solicitud de acceso a legajos de Archivo Hist\u00f3rico<\/h2>\n\n\n\n<p class=\"has-nv-dark-bg-color has-text-color has-link-color wp-elements-13b33b8758d21fe561c9d02f41ca0c0a\" style=\"font-size:20px\">1. Acceso a legajos de <strong>personal fallecido hace menos de 100 a\u00f1os<\/strong>: el solicitante debe demostrar rasgos de parentesco mediante documento (partida de nacimiento, libreta de<br>matrimonio, etc.).<\/p>\n\n\n\n<p class=\"has-nv-dark-bg-color has-text-color has-link-color wp-elements-6d2c6ebe529e3ad9ae1690e0022d1b3d\" style=\"font-size:20px\"><br>La solicitud se realiza enviando correo electr\u00f3nico a <strong>divarchivoeehh@ejercito.mil.uy<\/strong><\/p>\n\n\n\n<p class=\"has-nv-dark-bg-color has-text-color has-link-color wp-elements-80650fc1ca852f64873a7200384b85ff\" style=\"font-size:20px\"><br><strong>Informaci\u00f3n a indicar en el correo:<\/strong><\/p>\n\n\n\n<ul style=\"font-size:20px\" class=\"wp-block-list\">\n<li class=\"has-nv-dark-bg-color has-text-color has-link-color wp-elements-ce6f32c961a35aa4c4ecc7bd151b931d\">Nombre completo del personal fallecido.<\/li>\n\n\n\n<li class=\"has-nv-dark-bg-color has-text-color has-link-color wp-elements-09935ab26f858502797a3408492ac467\">A\u00f1os aproximados en los que prest\u00f3 servicios.<\/li>\n\n\n\n<li class=\"has-nv-dark-bg-color has-text-color has-link-color wp-elements-9ef7d717cbab5088b60048bfdec744d4\">Unidad o unidades donde prest\u00f3 servicios.<\/li>\n\n\n\n<li class=\"has-nv-dark-bg-color has-text-color has-link-color wp-elements-c32d73686588c4eb07f7dc98a496b4e9\">Grado.<\/li>\n<\/ul>\n\n\n\n<p class=\"has-nv-dark-bg-color has-text-color has-link-color wp-elements-682678cbe21ef439f01f4d8bcd73db65\" style=\"font-size:20px\">&#8211; El solicitante debe indicar si desea recibir la informaci\u00f3n por correo<br>electr\u00f3nico o consultarla de forma presencial.<\/p>\n\n\n\n<p class=\"has-nv-dark-bg-color has-text-color has-link-color wp-elements-6a5c083d45fafd293160c8cd70c34c44\" style=\"font-size:20px\">&#8211; Adjuntar copia de <strong>c\u00e9dula de identidad del solicitante<\/strong> y de <strong>documentos<br>que comprueben el parentesco.<\/strong><\/p>\n\n\n\n<p class=\"has-nv-dark-bg-color has-text-color has-link-color wp-elements-1367aeac802b134305224d0335d2f8cc\" style=\"font-size:20px\">En caso de <strong>no guardar parentesco<\/strong> con el personal, debe realizar solicitud de acceso a<br>la informaci\u00f3n p\u00fablica dirigida al Ministerio de Defensa Nacional.<\/p>\n\n\n\n<p class=\"has-nv-dark-bg-color has-text-color has-link-color wp-elements-48590393863e9ab96dcd0e32c428da47\" style=\"font-size:20px\"><strong>Link a formulario de solicitud:<\/strong><\/p>\n\n\n\n<p class=\"has-nv-dark-bg-color has-text-color has-link-color wp-elements-410b25dfbc277546026871372010e50f\" style=\"font-size:20px\"><a href=\"https:\/\/www.gub.uy\/ministerio-defensa-nacional\/solicitud-acceso-informacion\">https:\/\/www.gub.uy\/ministerio-defensa-nacional\/solicitud-acceso-informacion<\/a><\/p>\n\n\n\n<p class=\"has-nv-dark-bg-color has-text-color has-link-color wp-elements-b975e552875699ab95086e6642e8dfdd\" style=\"font-size:20px\">2. Acceso a legajos de <strong>personal fallecido hace m\u00e1s de 100 a\u00f1os:<\/strong><\/p>\n\n\n\n<p class=\"has-nv-dark-bg-color has-text-color has-link-color wp-elements-b6fcfeca0764d50aa59c84be88feac27\" style=\"font-size:20px\">La solicitud se realiza enviando correo electr\u00f3nico a <strong>divarchivoeehh@ejercito.mil.uy<\/strong><\/p>\n\n\n\n<h3 class=\"wp-block-heading has-text-align-left has-nv-dark-bg-color has-text-color\" style=\"font-size:20px\">Informaci\u00f3n a indicar en el correo:<\/h3>\n\n\n\n<ul class=\"wp-block-list\">\n<li class=\"has-medium-font-size\">Nombre completo del personal fallecido.<\/li>\n\n\n\n<li class=\"has-medium-font-size\">A\u00f1os aproximados en los que prest\u00f3 servicios.<\/li>\n\n\n\n<li class=\"has-medium-font-size\">Unidad o unidades donde prest\u00f3 servicios.<\/li>\n\n\n\n<li class=\"has-medium-font-size\">Grado.<\/li>\n<\/ul>\n\n\n\n<p class=\"has-medium-font-size\">&#8211; El solicitante debe indicar si desea recibir la informaci\u00f3n por correo electr\u00f3nico o consultarla de forma presencial<\/p>\n\n\n\n<p class=\"has-medium-font-size\">&#8211; Adjuntar copia de <strong>c\u00e9dula de identidad del solicitante.<\/strong><\/p>\n\n\n\n<p class=\"has-medium-font-size\"><strong>Informaci\u00f3n de contacto<\/strong><\/p>\n\n\n\n<p class=\"has-medium-font-size\">Correo electr\u00f3nico: divarchivoeehh@ejercito.mil.uy<\/p>\n\n\n\n<p class=\"has-medium-font-size\">Whatsapp (solo mensajes): +598 92 699 478<\/p>\n\n\n\n<p class=\"has-medium-font-size\">Tel\u00e9fono: 2900 1983<\/p>\n\n\n\n<p class=\"has-medium-font-size\">Direcci\u00f3n: Paraguay 1241, esquina Soriano &#8211; Montevideo, Uruguay.<\/p>\n\n\n\n<p class=\"has-medium-font-size\">Horario de atenci\u00f3n: Lunes a viernes de 9:00 a 14:00 horas.<\/p>\n<\/div>\n<\/div><\/div>\n","protected":false},"excerpt":{"rendered":"","protected":false},"author":1,"featured_media":0,"parent":0,"menu_order":0,"comment_status":"closed","ping_status":"closed","template":"","meta":{"neve_meta_sidebar":"","neve_meta_container":"","neve_meta_enable_content_width":"","neve_meta_content_width":0,"neve_meta_title_alignment":"","neve_meta_author_avatar":"","neve_post_elements_order":"","neve_meta_disable_header":"","neve_meta_disable_footer":"","neve_meta_disable_title":"on","_themeisle_gutenberg_block_has_review":false,"footnotes":""},"class_list":["post-971","page","type-page","status-publish","hentry"],"_links":{"self":[{"href":"https:\/\/uuee.ejercito.mil.uy\/eehh\/wp-json\/wp\/v2\/pages\/971","targetHints":{"allow":["GET"]}}],"collection":[{"href":"https:\/\/uuee.ejercito.mil.uy\/eehh\/wp-json\/wp\/v2\/pages"}],"about":[{"href":"https:\/\/uuee.ejercito.mil.uy\/eehh\/wp-json\/wp\/v2\/types\/page"}],"author":[{"embeddable":true,"href":"https:\/\/uuee.ejercito.mil.uy\/eehh\/wp-json\/wp\/v2\/users\/1"}],"replies":[{"embeddable":true,"href":"https:\/\/uuee.ejercito.mil.uy\/eehh\/wp-json\/wp\/v2\/comments?post=971"}],"version-history":[{"count":9,"href":"https:\/\/uuee.ejercito.mil.uy\/eehh\/wp-json\/wp\/v2\/pages\/971\/revisions"}],"predecessor-version":[{"id":3880,"href":"https:\/\/uuee.ejercito.mil.uy\/eehh\/wp-json\/wp\/v2\/pages\/971\/revisions\/3880"}],"wp:attachment":[{"href":"https:\/\/uuee.ejercito.mil.uy\/eehh\/wp-json\/wp\/v2\/media?parent=971"}],"curies":[{"name":"wp","href":"https:\/\/api.w.org\/{rel}","templated":true}]}}