{"id":789,"date":"2022-06-28T12:43:14","date_gmt":"2022-06-28T12:43:14","guid":{"rendered":"http:\/\/uuee.ejercito.mil.uy\/eehh\/?page_id=789"},"modified":"2025-11-12T15:17:11","modified_gmt":"2025-11-12T15:17:11","slug":"a-a-m-m-e-u-2","status":"publish","type":"page","link":"https:\/\/uuee.ejercito.mil.uy\/eehh\/","title":{"rendered":"Pagina inicio"},"content":{"rendered":"\n<div id=\"wp-block-themeisle-blocks-advanced-columns-3e3d1c18\" class=\"wp-block-themeisle-blocks-advanced-columns alignfull has-1-columns has-desktop-equal-layout has-tablet-equal-layout has-mobile-equal-layout has-vertical-top\"><div class=\"wp-block-themeisle-blocks-advanced-columns-overlay\"><\/div><div class=\"innerblocks-wrap\">\n<div id=\"wp-block-themeisle-blocks-advanced-column-0621e375\" class=\"wp-block-themeisle-blocks-advanced-column\">\n<h1 id=\"wp-block-themeisle-blocks-advanced-heading-7c02fcd2\" class=\"wp-block-themeisle-blocks-advanced-heading wp-block-themeisle-blocks-advanced-heading-7c02fcd2\"><strong>Bienvenidos al<br>Departamento de Estudios Hist\u00f3ricos<br>del E.M.E. <\/strong><\/h1>\n\n\n<div class=\"wp-block-image is-style-default\">\n<figure class=\"aligncenter size-full is-resized\"><img loading=\"lazy\" decoding=\"async\" width=\"2073\" height=\"2592\" src=\"http:\/\/uuee.ejercito.mil.uy\/eehh\/wp-content\/uploads\/sites\/6\/2024\/03\/Heraldica-Estudios-Historicos-2024_001.png\" alt=\"\" class=\"wp-image-1143\" style=\"aspect-ratio:0.8376383763837638;width:195px;height:auto\" srcset=\"https:\/\/uuee.ejercito.mil.uy\/eehh\/wp-content\/uploads\/sites\/6\/2024\/03\/Heraldica-Estudios-Historicos-2024_001.png 2073w, https:\/\/uuee.ejercito.mil.uy\/eehh\/wp-content\/uploads\/sites\/6\/2024\/03\/Heraldica-Estudios-Historicos-2024_001-240x300.png 240w, https:\/\/uuee.ejercito.mil.uy\/eehh\/wp-content\/uploads\/sites\/6\/2024\/03\/Heraldica-Estudios-Historicos-2024_001-819x1024.png 819w, https:\/\/uuee.ejercito.mil.uy\/eehh\/wp-content\/uploads\/sites\/6\/2024\/03\/Heraldica-Estudios-Historicos-2024_001-768x960.png 768w, https:\/\/uuee.ejercito.mil.uy\/eehh\/wp-content\/uploads\/sites\/6\/2024\/03\/Heraldica-Estudios-Historicos-2024_001-1228x1536.png 1228w, https:\/\/uuee.ejercito.mil.uy\/eehh\/wp-content\/uploads\/sites\/6\/2024\/03\/Heraldica-Estudios-Historicos-2024_001-1638x2048.png 1638w\" sizes=\"auto, (max-width: 2073px) 100vw, 2073px\" \/><\/figure>\n<\/div>\n\n\n<div id=\"wp-block-themeisle-blocks-button-group-e7e45fce\" class=\"wp-block-themeisle-blocks-button-group collapse-mobile wp-block-buttons align-center\">\n<div id=\"wp-block-themeisle-blocks-button-971f82ee\" class=\"wp-block-themeisle-blocks-button wp-block-button\"><a href=\"http:\/\/uuee.ejercito.mil.uy\/eehh\/contacto\/\" target=\"_self\" rel=\"noopener noreferrer\" class=\"wp-block-button__link\"><span>CONTACTO<\/span><\/a><\/div>\n<\/div>\n<\/div>\n<\/div><\/div>\n\n\n\n<div style=\"height:0px\" aria-hidden=\"true\" class=\"wp-block-spacer\"><\/div>\n\n\n\n<h2 class=\"wp-block-heading has-text-align-center has-x-large-font-size\">Noticias<\/h2>\n\n\n\n<div id=\"wp-block-themeisle-blocks-advanced-columns-1a0e3d71\" class=\"wp-block-themeisle-blocks-advanced-columns alignfull has-1-columns has-desktop-equal-layout has-tablet-equal-layout has-mobile-equal-layout has-vertical-unset\"><div class=\"wp-block-themeisle-blocks-advanced-columns-overlay\"><\/div><div class=\"innerblocks-wrap\">\n<section id=\"wp-block-themeisle-blocks-advanced-column-2eae13d1\" class=\"wp-block-themeisle-blocks-advanced-column\">\n<div class=\"wp-block-columns alignfull is-layout-flex wp-container-core-columns-is-layout-9d6595d7 wp-block-columns-is-layout-flex\">\n<div class=\"wp-block-column is-layout-flow wp-block-column-is-layout-flow\" style=\"padding-top:var(--wp--preset--spacing--80);padding-right:var(--wp--preset--spacing--40);padding-bottom:var(--wp--preset--spacing--80);padding-left:var(--wp--preset--spacing--40)\">\n<div id=\"wp-block-themeisle-blocks-slider-862be28e\" class=\"wp-block-themeisle-blocks-slider glide\" data-per-view=\"1\" data-gap=\"0\" data-peek=\"0\" data-autoplay=\"true\" data-height=\"400px\" data-hide-arrows=\"false\" data-transition=\"linear\"><div class=\"glide__track\" data-glide-el=\"track\"><div class=\"glide__slides\"><div class=\"wp-block-themeisle-blocks-slider-item-wrapper glide__slide\"><figure><img decoding=\"async\" class=\"wp-block-themeisle-blocks-slider-item\" src=\"https:\/\/uuee.ejercito.mil.uy\/eehh\/wp-content\/uploads\/sites\/6\/2025\/11\/WhatsApp-Image-2025-11-12-at-10.54.50-AM3.jpeg\" alt=\"\" title=\"\" data-id=\"3706\" \/><\/figure><\/div><div class=\"wp-block-themeisle-blocks-slider-item-wrapper glide__slide\"><figure><img decoding=\"async\" class=\"wp-block-themeisle-blocks-slider-item\" src=\"https:\/\/uuee.ejercito.mil.uy\/eehh\/wp-content\/uploads\/sites\/6\/2025\/11\/WhatsApp-Image-2025-11-12-at-10.54.51-AM2.jpeg\" alt=\"\" title=\"\" data-id=\"3702\" \/><\/figure><\/div><div class=\"wp-block-themeisle-blocks-slider-item-wrapper glide__slide\"><figure><img decoding=\"async\" class=\"wp-block-themeisle-blocks-slider-item\" src=\"https:\/\/uuee.ejercito.mil.uy\/eehh\/wp-content\/uploads\/sites\/6\/2025\/11\/WhatsApp-Image-2025-11-12-at-10.54.51-AM1.jpeg\" alt=\"\" title=\"\" data-id=\"3705\" \/><\/figure><\/div><div class=\"wp-block-themeisle-blocks-slider-item-wrapper glide__slide\"><figure><img decoding=\"async\" class=\"wp-block-themeisle-blocks-slider-item\" src=\"https:\/\/uuee.ejercito.mil.uy\/eehh\/wp-content\/uploads\/sites\/6\/2025\/11\/WhatsApp-Image-2025-11-12-at-10.54.51-AM.jpeg\" alt=\"\" title=\"\" data-id=\"3707\" \/><\/figure><\/div><div class=\"wp-block-themeisle-blocks-slider-item-wrapper glide__slide\"><figure><img decoding=\"async\" class=\"wp-block-themeisle-blocks-slider-item\" src=\"https:\/\/uuee.ejercito.mil.uy\/eehh\/wp-content\/uploads\/sites\/6\/2025\/11\/WhatsApp-Image-2025-11-12-at-10.54.50-AM2.jpeg\" alt=\"\" title=\"\" data-id=\"3704\" \/><\/figure><\/div><div class=\"wp-block-themeisle-blocks-slider-item-wrapper glide__slide\"><figure><img decoding=\"async\" class=\"wp-block-themeisle-blocks-slider-item\" src=\"https:\/\/uuee.ejercito.mil.uy\/eehh\/wp-content\/uploads\/sites\/6\/2025\/11\/WhatsApp-Image-2025-11-12-at-10.54.50-AM1.jpeg\" alt=\"\" title=\"\" data-id=\"3703\" \/><\/figure><\/div><div class=\"wp-block-themeisle-blocks-slider-item-wrapper glide__slide\"><figure><img decoding=\"async\" class=\"wp-block-themeisle-blocks-slider-item\" src=\"https:\/\/uuee.ejercito.mil.uy\/eehh\/wp-content\/uploads\/sites\/6\/2025\/11\/WhatsApp-Image-2025-11-12-at-10.54.50-AM.jpeg\" alt=\"\" title=\"\" data-id=\"3710\" \/><\/figure><\/div><div class=\"wp-block-themeisle-blocks-slider-item-wrapper glide__slide\"><figure><img decoding=\"async\" class=\"wp-block-themeisle-blocks-slider-item\" src=\"https:\/\/uuee.ejercito.mil.uy\/eehh\/wp-content\/uploads\/sites\/6\/2025\/11\/WhatsApp-Image-2025-11-12-at-10.54.49-AM1.jpeg\" alt=\"\" title=\"\" data-id=\"3708\" \/><\/figure><\/div><div class=\"wp-block-themeisle-blocks-slider-item-wrapper glide__slide\"><figure><img decoding=\"async\" class=\"wp-block-themeisle-blocks-slider-item\" src=\"https:\/\/uuee.ejercito.mil.uy\/eehh\/wp-content\/uploads\/sites\/6\/2025\/11\/WhatsApp-Image-2025-11-12-at-10.54.49-AM.jpeg\" alt=\"\" title=\"\" data-id=\"3709\" \/><\/figure><\/div><\/div><div class=\"glide__bullets\" data-glide-el=\"controls[nav]\"><button class=\"glide__bullet\" data-glide-dir=\"=0\"><\/button><button class=\"glide__bullet\" data-glide-dir=\"=1\"><\/button><button class=\"glide__bullet\" data-glide-dir=\"=2\"><\/button><button class=\"glide__bullet\" data-glide-dir=\"=3\"><\/button><button class=\"glide__bullet\" data-glide-dir=\"=4\"><\/button><button class=\"glide__bullet\" data-glide-dir=\"=5\"><\/button><button class=\"glide__bullet\" data-glide-dir=\"=6\"><\/button><button class=\"glide__bullet\" data-glide-dir=\"=7\"><\/button><button class=\"glide__bullet\" data-glide-dir=\"=8\"><\/button><\/div><\/div><\/div>\n\n\n\n<h2 class=\"wp-block-heading has-nv-site-bg-color has-text-color has-link-color wp-elements-dc326af297db0a76d3ab37023c2b3623\">Apertura del Congreso Internacional \u201cBicentenario de los Hechos Hist\u00f3ricos de 1825\u201d<\/h2>\n\n\n\n<p class=\"has-nv-site-bg-color has-text-color has-link-color has-medium-font-size wp-elements-4491c2d01b8071aeef41bc674e77572a\"><br>En el anfiteatro del Instituto Militar de Estudios Superiores (IMES) se llev\u00f3 a cabo la apertura oficial del Congreso Internacional \u201cBicentenario de los Hechos Hist\u00f3ricos de 1825\u201d, organizado por el Instituto de Historia y Cultura Militar del Uruguay \u201cCnel. Rolando Laguarda Tr\u00edas\u201d, dependiente del Departamento de Estudios Hist\u00f3ricos del Estado Mayor del Ej\u00e9rcito.<br><\/p>\n\n\n\n<div class=\"wp-block-buttons is-layout-flex wp-block-buttons-is-layout-flex\">\n<div class=\"wp-block-button\"><a class=\"wp-block-button__link wp-element-button\" href=\"https:\/\/uuee.ejercito.mil.uy\/eehh\/2025\/11\/12\/3713\/\">Mas informaci\u00f3n<\/a><\/div>\n<\/div>\n<\/div>\n\n\n\n<div class=\"wp-block-column is-layout-flow wp-block-column-is-layout-flow\" style=\"padding-top:var(--wp--preset--spacing--80);padding-right:var(--wp--preset--spacing--40);padding-bottom:var(--wp--preset--spacing--80);padding-left:var(--wp--preset--spacing--40)\">\n<div id=\"wp-block-themeisle-blocks-slider-862be28e\" class=\"wp-block-themeisle-blocks-slider glide\" data-per-view=\"1\" data-gap=\"0\" data-peek=\"0\" data-autoplay=\"true\" data-height=\"400px\" data-hide-arrows=\"false\" data-transition=\"linear\"><div class=\"glide__track\" data-glide-el=\"track\"><div class=\"glide__slides\"><div class=\"wp-block-themeisle-blocks-slider-item-wrapper glide__slide\"><figure><img decoding=\"async\" class=\"wp-block-themeisle-blocks-slider-item\" src=\"https:\/\/uuee.ejercito.mil.uy\/eehh\/wp-content\/uploads\/sites\/6\/2025\/10\/DSC_0113-scaled.jpg\" alt=\"\" title=\"\" data-id=\"3675\" \/><\/figure><\/div><div class=\"wp-block-themeisle-blocks-slider-item-wrapper glide__slide\"><figure><img decoding=\"async\" class=\"wp-block-themeisle-blocks-slider-item\" src=\"https:\/\/uuee.ejercito.mil.uy\/eehh\/wp-content\/uploads\/sites\/6\/2025\/10\/DSC_0095-scaled.jpg\" alt=\"\" title=\"\" data-id=\"3676\" \/><\/figure><\/div><div class=\"wp-block-themeisle-blocks-slider-item-wrapper glide__slide\"><figure><img decoding=\"async\" class=\"wp-block-themeisle-blocks-slider-item\" src=\"https:\/\/uuee.ejercito.mil.uy\/eehh\/wp-content\/uploads\/sites\/6\/2025\/10\/DSC_0029-scaled.jpg\" alt=\"\" title=\"\" data-id=\"3677\" \/><\/figure><\/div><\/div><div class=\"glide__bullets\" data-glide-el=\"controls[nav]\"><button class=\"glide__bullet\" data-glide-dir=\"=0\"><\/button><button class=\"glide__bullet\" data-glide-dir=\"=1\"><\/button><button class=\"glide__bullet\" data-glide-dir=\"=2\"><\/button><\/div><\/div><\/div>\n\n\n\n<div style=\"height:50px\" aria-hidden=\"true\" class=\"wp-block-spacer\"><\/div>\n\n\n\n<h2 class=\"wp-block-heading has-nv-site-bg-color has-text-color has-link-color wp-elements-b525298fa280020b5cc874d4ab8d099c\">Reapertura del Museo Militar \u00ab18 de mayo de 1811\u00bb<\/h2>\n\n\n\n<p class=\"has-nv-site-bg-color has-text-color has-link-color has-medium-font-size wp-elements-675bfba1626deb49f1afe72024798dc7\">El d\u00eda s\u00e1bado 4 de octubre se dio la reapertura del Museo Militar \u00ab18 de mayo de 1811\u00bb con la inauguraci\u00f3n de la sala tematizada con el motivo del Bicentenario de la Batalla del Sarand\u00ed<\/p>\n\n\n\n<p class=\"has-nv-site-bg-color has-text-color has-link-color has-medium-font-size wp-elements-15e69ca4cc9cf0644bd740eab9a212b7\">A su vez informamos que el Museo Militar \u00ab18 de mayo de 1811\u00bb volver\u00e1 con el horario de 10 a 18 hrs, los esperamos. <\/p>\n<\/div>\n\n\n\n<div class=\"wp-block-column is-layout-flow wp-block-column-is-layout-flow\" style=\"padding-top:var(--wp--preset--spacing--80);padding-right:var(--wp--preset--spacing--40);padding-bottom:var(--wp--preset--spacing--80);padding-left:var(--wp--preset--spacing--40)\">\n<figure class=\"wp-block-image size-full has-custom-border\" id=\"Congreso\"><img loading=\"lazy\" decoding=\"async\" width=\"576\" height=\"868\" src=\"https:\/\/uuee.ejercito.mil.uy\/eehh\/wp-content\/uploads\/sites\/6\/2025\/11\/Afiche-congreso-internacional-5.png\" alt=\"\" class=\"wp-image-3692\" style=\"border-style:none;border-width:0px;border-radius:5px;aspect-ratio:4\/3;object-fit:contain\" srcset=\"https:\/\/uuee.ejercito.mil.uy\/eehh\/wp-content\/uploads\/sites\/6\/2025\/11\/Afiche-congreso-internacional-5.png 576w, https:\/\/uuee.ejercito.mil.uy\/eehh\/wp-content\/uploads\/sites\/6\/2025\/11\/Afiche-congreso-internacional-5-199x300.png 199w\" sizes=\"auto, (max-width: 576px) 100vw, 576px\" \/><\/figure>\n\n\n\n<h2 class=\"wp-block-heading has-nv-site-bg-color has-text-color has-link-color wp-elements-d64b47f4708be041bbcf5942c82e14c0\">Congreso Internacional Bicentenario Hechos Hist\u00f3ricos de 1825<\/h2>\n\n\n\n<p class=\"has-nv-site-bg-color has-text-color has-link-color has-medium-font-size wp-elements-689197a4e628dc2bed68fda7420eab0a\">Desde los d\u00edas 11 al 14 de noviembre se llevar\u00e1 a cabo el Congreso Internacional Bicentenario Hechos Hist\u00f3ricos de 1825 en la sala de conferencias del I.M.E.S. (Instituto Militar de Estudios Superiores)<\/p>\n\n\n\n<p class=\"has-nv-site-bg-color has-text-color has-link-color has-medium-font-size wp-elements-127f148fa56c162f0f6ca1348cc6d9d5\">Resumen General de conferencias a ser dictadas<\/p>\n\n\n\n<a href=\"https:\/\/uuee.ejercito.mil.uy\/eehh\/wp-content\/uploads\/sites\/6\/2025\/11\/RESUMEN-GENERAL-DE-CONFERENCIAS-A-SER-DICTADAS-1.pdf\" class=\"wp-block-file__button wp-element-button\" download aria-describedby=\"wp-block-file--media-94ddc696-abf5-41e2-8835-4d7ce8e86e86\">Descarga<\/a>\n\n\n\n<p class=\"has-nv-site-bg-color has-text-color has-link-color has-medium-font-size wp-elements-5060e57f9f7de9292fc3d6dde3ef3af4\">Cronograma del congreso<\/p>\n\n\n\n<a href=\"https:\/\/uuee.ejercito.mil.uy\/eehh\/wp-content\/uploads\/sites\/6\/2025\/11\/4.1.-Cronograma-del-Congreso-Int.-Bicent.-hechos-hist.-1825-opcion-1-1-1.pdf\" class=\"wp-block-file__button wp-element-button\" download aria-describedby=\"wp-block-file--media-94ddc696-abf5-41e2-8835-4d7ce8e86e86\">Descarga<\/a>\n<\/div>\n<\/div>\n<\/section>\n<\/div><\/div>\n\n\n\n<div style=\"height:0px\" aria-hidden=\"true\" class=\"wp-block-spacer\"><\/div>\n\n\n\n<h2 class=\"wp-block-heading has-text-align-center has-x-large-font-size\"><\/h2>\n\n\n\n<div id=\"wp-block-themeisle-blocks-advanced-columns-a13baaa2\" class=\"wp-block-themeisle-blocks-advanced-columns alignfull has-1-columns has-desktop-equal-layout has-tablet-equal-layout has-mobile-equal-layout has-vertical-unset\"><div class=\"wp-block-themeisle-blocks-advanced-columns-overlay\"><\/div><div class=\"innerblocks-wrap\">\n<div id=\"wp-block-themeisle-blocks-advanced-column-6edfd541\" class=\"wp-block-themeisle-blocks-advanced-column\">\n<p><\/p>\n\n\n\n<h2 class=\"wp-block-heading has-text-align-center has-nv-text-dark-bg-color has-text-color\" style=\"font-size:50px\"><strong>Galer\u00eda Multimedia<\/strong><\/h2>\n\n\n\n<div id=\"wp-block-themeisle-blocks-slider-8852b623\" class=\"wp-block-themeisle-blocks-slider glide\" data-per-view=\"1\" data-gap=\"0\" data-peek=\"0\" data-autoplay=\"true\" data-height=\"400px\" data-hide-arrows=\"false\"><div class=\"glide__track\" data-glide-el=\"track\"><div class=\"glide__slides\"><div class=\"wp-block-themeisle-blocks-slider-item-wrapper glide__slide\"><figure><img decoding=\"async\" class=\"wp-block-themeisle-blocks-slider-item\" src=\"http:\/\/uuee.ejercito.mil.uy\/eehh\/wp-content\/uploads\/sites\/6\/2024\/08\/2-2.jpg\" alt=\"\" title=\"\" data-id=\"1690\" \/><\/figure><\/div><div class=\"wp-block-themeisle-blocks-slider-item-wrapper glide__slide\"><figure><img decoding=\"async\" class=\"wp-block-themeisle-blocks-slider-item\" src=\"http:\/\/uuee.ejercito.mil.uy\/eehh\/wp-content\/uploads\/sites\/6\/2024\/08\/Sala-de-armas-3-1-scaled.jpg\" alt=\"\" title=\"\" data-id=\"1684\" \/><\/figure><\/div><div class=\"wp-block-themeisle-blocks-slider-item-wrapper glide__slide\"><figure><img decoding=\"async\" class=\"wp-block-themeisle-blocks-slider-item\" src=\"http:\/\/uuee.ejercito.mil.uy\/eehh\/wp-content\/uploads\/sites\/6\/2024\/08\/Plaza-de-Armas-scaled.jpg\" alt=\"\" title=\"\" data-id=\"1675\" \/><\/figure><\/div><div class=\"wp-block-themeisle-blocks-slider-item-wrapper glide__slide\"><figure><img decoding=\"async\" class=\"wp-block-themeisle-blocks-slider-item\" src=\"http:\/\/uuee.ejercito.mil.uy\/eehh\/wp-content\/uploads\/sites\/6\/2024\/08\/9.jpg\" alt=\"\" title=\"\" data-id=\"1660\" \/><\/figure><\/div><div class=\"wp-block-themeisle-blocks-slider-item-wrapper glide__slide\"><figure><img decoding=\"async\" class=\"wp-block-themeisle-blocks-slider-item\" src=\"http:\/\/uuee.ejercito.mil.uy\/eehh\/wp-content\/uploads\/sites\/6\/2024\/08\/IMG-20240730-WA0018.jpg\" alt=\"\" title=\"\" data-id=\"1529\" \/><\/figure><\/div><\/div><div class=\"glide__bullets\" data-glide-el=\"controls[nav]\"><button class=\"glide__bullet\" data-glide-dir=\"=0\"><\/button><button class=\"glide__bullet\" data-glide-dir=\"=1\"><\/button><button class=\"glide__bullet\" data-glide-dir=\"=2\"><\/button><button class=\"glide__bullet\" data-glide-dir=\"=3\"><\/button><button class=\"glide__bullet\" data-glide-dir=\"=4\"><\/button><\/div><\/div><\/div>\n<\/div>\n<\/div><\/div>\n","protected":false},"excerpt":{"rendered":"<p>Noticias<\/p>\n","protected":false},"author":1,"featured_media":0,"parent":0,"menu_order":0,"comment_status":"closed","ping_status":"closed","template":"","meta":{"neve_meta_sidebar":"full-width","neve_meta_container":"","neve_meta_enable_content_width":"","neve_meta_content_width":0,"neve_meta_title_alignment":"","neve_meta_author_avatar":"","neve_post_elements_order":"","neve_meta_disable_header":"off","neve_meta_disable_footer":"","neve_meta_disable_title":"on","_themeisle_gutenberg_block_has_review":false,"footnotes":""},"class_list":["post-789","page","type-page","status-publish","hentry"],"_links":{"self":[{"href":"https:\/\/uuee.ejercito.mil.uy\/eehh\/wp-json\/wp\/v2\/pages\/789","targetHints":{"allow":["GET"]}}],"collection":[{"href":"https:\/\/uuee.ejercito.mil.uy\/eehh\/wp-json\/wp\/v2\/pages"}],"about":[{"href":"https:\/\/uuee.ejercito.mil.uy\/eehh\/wp-json\/wp\/v2\/types\/page"}],"author":[{"embeddable":true,"href":"https:\/\/uuee.ejercito.mil.uy\/eehh\/wp-json\/wp\/v2\/users\/1"}],"replies":[{"embeddable":true,"href":"https:\/\/uuee.ejercito.mil.uy\/eehh\/wp-json\/wp\/v2\/comments?post=789"}],"version-history":[{"count":103,"href":"https:\/\/uuee.ejercito.mil.uy\/eehh\/wp-json\/wp\/v2\/pages\/789\/revisions"}],"predecessor-version":[{"id":3781,"href":"https:\/\/uuee.ejercito.mil.uy\/eehh\/wp-json\/wp\/v2\/pages\/789\/revisions\/3781"}],"wp:attachment":[{"href":"https:\/\/uuee.ejercito.mil.uy\/eehh\/wp-json\/wp\/v2\/media?parent=789"}],"curies":[{"name":"wp","href":"https:\/\/api.w.org\/{rel}","templated":true}]}}